Last updated on 2025-05-14 23:50:49 CEST.
Flavor | Version | Tinstall | Tcheck | Ttotal | Status | Flags |
---|---|---|---|---|---|---|
r-devel-linux-x86_64-debian-clang | 0.1.0 | 10.86 | 101.71 | 112.57 | NOTE | |
r-devel-linux-x86_64-debian-gcc | 0.1.0 | 7.09 | 77.66 | 84.75 | NOTE | |
r-devel-linux-x86_64-fedora-clang | 0.1.0 | 178.61 | OK | |||
r-devel-linux-x86_64-fedora-gcc | 0.1.0 | 198.46 | OK | |||
r-devel-windows-x86_64 | 0.1.0 | 11.00 | 101.00 | 112.00 | OK | |
r-patched-linux-x86_64 | 0.1.0 | 10.46 | 97.17 | 107.63 | OK | |
r-release-linux-x86_64 | 0.1.0 | 10.92 | 96.61 | 107.53 | OK | |
r-release-macos-arm64 | 0.1.0 | 67.00 | OK | |||
r-release-macos-x86_64 | 0.1.0 | 129.00 | OK | |||
r-release-windows-x86_64 | 0.1.0 | 11.00 | 100.00 | 111.00 | OK | |
r-oldrel-macos-arm64 | 0.1.0 | 69.00 | OK | |||
r-oldrel-macos-x86_64 | 0.1.0 | 97.00 | OK | |||
r-oldrel-windows-x86_64 | 0.1.0 | 16.00 | 127.00 | 143.00 | OK |
Version: 0.1.0
Check: CRAN incoming feasibility
Result: NOTE
Maintainer: ‘Sixing Hao <s.hao3@lse.ac.uk>’
The Description field contains
(2022)<arXiv:2201.02023>.
Please refer to arXiv e-prints via their arXiv DOI <doi:10.48550/arXiv.YYMM.NNNNN>.
Flavors: r-devel-linux-x86_64-debian-clang, r-devel-linux-x86_64-debian-gcc