Last updated on 2025-05-14 23:50:49 CEST.
Flavor | Version | Tinstall | Tcheck | Ttotal | Status | Flags |
---|---|---|---|---|---|---|
r-devel-linux-x86_64-debian-clang | 1.1.2 | 75.32 | 259.31 | 334.63 | NOTE | |
r-devel-linux-x86_64-debian-gcc | 1.1.2 | 55.09 | 172.87 | 227.96 | NOTE | |
r-devel-linux-x86_64-fedora-clang | 1.1.2 | 567.64 | NOTE | |||
r-devel-linux-x86_64-fedora-gcc | 1.1.2 | 639.60 | NOTE | |||
r-devel-windows-x86_64 | 1.1.2 | 75.00 | 258.00 | 333.00 | NOTE | |
r-patched-linux-x86_64 | 1.1.2 | 82.62 | 248.59 | 331.21 | NOTE | |
r-release-linux-x86_64 | 1.1.2 | 82.34 | 251.06 | 333.40 | NOTE | |
r-release-macos-arm64 | 1.1.2 | 204.00 | NOTE | |||
r-release-macos-x86_64 | 1.1.2 | 296.00 | NOTE | |||
r-release-windows-x86_64 | 1.1.2 | 74.00 | 262.00 | 336.00 | NOTE | |
r-oldrel-macos-arm64 | 1.1.2 | 188.00 | NOTE | |||
r-oldrel-macos-x86_64 | 1.1.2 | 207.00 | NOTE | |||
r-oldrel-windows-x86_64 | 1.1.2 | 91.00 | 339.00 | 430.00 | NOTE |
Version: 1.1.2
Check: C++ specification
Result: NOTE
Specified C++11: please drop specification unless essential
Flavors: r-devel-linux-x86_64-debian-clang, r-devel-linux-x86_64-debian-gcc, r-devel-linux-x86_64-fedora-clang, r-devel-linux-x86_64-fedora-gcc, r-devel-windows-x86_64, r-patched-linux-x86_64, r-release-linux-x86_64, r-release-macos-arm64, r-release-macos-x86_64, r-release-windows-x86_64, r-oldrel-macos-arm64, r-oldrel-macos-x86_64, r-oldrel-windows-x86_64
Version: 1.1.2
Check: Rd files
Result: NOTE
checkRd: (-1) VARXFit.Rd:21: Lost braces in \itemize; \value handles \item{}{} directly
checkRd: (-1) VARXFit.Rd:22: Lost braces in \itemize; \value handles \item{}{} directly
checkRd: (-1) VARXFit.Rd:23: Lost braces in \itemize; \value handles \item{}{} directly
checkRd: (-1) VARXFit.Rd:24: Lost braces in \itemize; \value handles \item{}{} directly
checkRd: (-1) VARXFit.Rd:25: Lost braces in \itemize; \value handles \item{}{} directly
checkRd: (-1) VARXFit.Rd:26: Lost braces in \itemize; \value handles \item{}{} directly
checkRd: (-1) VARXLagCons.Rd:25: Lost braces in \itemize; \value handles \item{}{} directly
checkRd: (-1) VARXLagCons.Rd:26: Lost braces in \itemize; \value handles \item{}{} directly
Flavors: r-devel-linux-x86_64-debian-clang, r-devel-linux-x86_64-debian-gcc, r-devel-linux-x86_64-fedora-clang, r-devel-linux-x86_64-fedora-gcc, r-devel-windows-x86_64, r-patched-linux-x86_64, r-release-linux-x86_64, r-release-macos-arm64, r-release-macos-x86_64, r-release-windows-x86_64, r-oldrel-macos-arm64, r-oldrel-macos-x86_64, r-oldrel-windows-x86_64
Version: 1.1.2
Check: installed package size
Result: NOTE
installed size is 19.2Mb
sub-directories of 1Mb or more:
doc 1.1Mb
libs 17.6Mb
Flavors: r-oldrel-macos-arm64, r-oldrel-macos-x86_64