Last updated on 2025-05-14 23:50:49 CEST.
Flavor | Version | Tinstall | Tcheck | Ttotal | Status | Flags |
---|---|---|---|---|---|---|
r-devel-linux-x86_64-debian-clang | 1.0.0 | 8.16 | 73.49 | 81.65 | NOTE | |
r-devel-linux-x86_64-debian-gcc | 1.0.0 | 6.42 | 53.11 | 59.53 | NOTE | |
r-devel-linux-x86_64-fedora-clang | 1.0.0 | 128.01 | OK | |||
r-devel-linux-x86_64-fedora-gcc | 1.0.0 | 127.00 | OK | |||
r-devel-windows-x86_64 | 1.0.0 | 9.00 | 79.00 | 88.00 | NOTE | |
r-patched-linux-x86_64 | 1.0.0 | 8.78 | 67.68 | 76.46 | NOTE | |
r-release-linux-x86_64 | 1.0.0 | 8.92 | 68.50 | 77.42 | NOTE | |
r-release-macos-arm64 | 1.0.0 | 41.00 | OK | |||
r-release-macos-x86_64 | 1.0.0 | 92.00 | OK | |||
r-release-windows-x86_64 | 1.0.0 | 9.00 | 80.00 | 89.00 | NOTE | |
r-oldrel-macos-arm64 | 1.0.0 | 38.00 | OK | |||
r-oldrel-macos-x86_64 | 1.0.0 | 94.00 | OK | |||
r-oldrel-windows-x86_64 | 1.0.0 | 12.00 | 100.00 | 112.00 | OK |
Version: 1.0.0
Check: Rd cross-references
Result: NOTE
Found the following Rd file(s) with Rd \link{} targets missing package
anchors:
createBarPrior.Rd: fitCyclopsModel
createFastBarPrior.Rd: fitCyclopsModel
Please provide package anchors for all Rd \link{} targets not in the
package itself and the base packages.
Flavors: r-devel-linux-x86_64-debian-clang, r-devel-linux-x86_64-debian-gcc, r-devel-windows-x86_64, r-patched-linux-x86_64, r-release-linux-x86_64, r-release-windows-x86_64