Last updated on 2025-09-26 23:53:38 CEST.
| Flavor | Version | Tinstall | Tcheck | Ttotal | Status | Flags |
|---|---|---|---|---|---|---|
| r-devel-linux-x86_64-debian-clang | 1.2.0 | 18.15 | 156.20 | 174.35 | OK | |
| r-devel-linux-x86_64-debian-gcc | 1.2.0 | 13.24 | 109.41 | 122.65 | OK | |
| r-devel-linux-x86_64-fedora-clang | 1.2.0 | 282.56 | OK | |||
| r-devel-linux-x86_64-fedora-gcc | 1.2.0 | 267.94 | OK | |||
| r-devel-windows-x86_64 | 1.2.0 | 19.00 | 149.00 | 168.00 | OK | |
| r-patched-linux-x86_64 | 1.2.0 | 16.67 | 147.66 | 164.33 | OK | |
| r-release-linux-x86_64 | 1.2.0 | 13.88 | 148.22 | 162.10 | OK | |
| r-release-macos-arm64 | 1.2.0 | 75.00 | OK | |||
| r-release-macos-x86_64 | 1.2.0 | 163.00 | OK | |||
| r-release-windows-x86_64 | 1.2.0 | 19.00 | 147.00 | 166.00 | OK | |
| r-oldrel-macos-arm64 | 1.2.0 | 73.00 | NOTE | |||
| r-oldrel-macos-x86_64 | 1.2.0 | 106.00 | NOTE | |||
| r-oldrel-windows-x86_64 | 1.2.0 | 25.00 | 198.00 | 223.00 | NOTE |
Version: 1.2.0
Check: installed package size
Result: NOTE
installed size is 5.1Mb
sub-directories of 1Mb or more:
doc 4.4Mb
Flavors: r-oldrel-macos-arm64, r-oldrel-macos-x86_64, r-oldrel-windows-x86_64