Last updated on 2025-05-14 23:50:53 CEST.
Flavor | Version | Tinstall | Tcheck | Ttotal | Status | Flags |
---|---|---|---|---|---|---|
r-devel-linux-x86_64-debian-clang | 0.0.2 | 10.49 | 89.66 | 100.15 | NOTE | |
r-devel-linux-x86_64-debian-gcc | 0.0.2 | 6.66 | 60.78 | 67.44 | NOTE | |
r-devel-linux-x86_64-fedora-clang | 0.0.2 | 163.28 | OK | |||
r-devel-linux-x86_64-fedora-gcc | 0.0.2 | 151.52 | OK | |||
r-devel-windows-x86_64 | 0.0.2 | 11.00 | 95.00 | 106.00 | OK | |
r-patched-linux-x86_64 | 0.0.2 | 8.97 | 83.98 | 92.95 | OK | |
r-release-linux-x86_64 | 0.0.2 | 8.88 | 83.98 | 92.86 | OK | |
r-release-macos-arm64 | 0.0.2 | 46.00 | OK | |||
r-release-macos-x86_64 | 0.0.2 | 84.00 | OK | |||
r-release-windows-x86_64 | 0.0.2 | 11.00 | 95.00 | 106.00 | OK | |
r-oldrel-macos-arm64 | 0.0.2 | 39.00 | OK | |||
r-oldrel-macos-x86_64 | 0.0.2 | 76.00 | OK | |||
r-oldrel-windows-x86_64 | 0.0.2 | 14.00 | 130.00 | 144.00 | OK |
Version: 0.0.2
Check: CRAN incoming feasibility
Result: NOTE
Maintainer: ‘Lauren Eyler Dang <lauren.eyler@berkeley.edu>’
The Description field contains
<arXiv:2210.05802>.
Please refer to arXiv e-prints via their arXiv DOI <doi:10.48550/arXiv.YYMM.NNNNN>.
Flavors: r-devel-linux-x86_64-debian-clang, r-devel-linux-x86_64-debian-gcc