Last updated on 2025-09-26 23:53:44 CEST.
| Flavor | Version | Tinstall | Tcheck | Ttotal | Status | Flags | 
|---|---|---|---|---|---|---|
| r-devel-linux-x86_64-debian-clang | 1.2.6 | 19.04 | 58.30 | 77.34 | OK | |
| r-devel-linux-x86_64-debian-gcc | 1.2.6 | 14.28 | 46.32 | 60.60 | OK | |
| r-devel-linux-x86_64-fedora-clang | 1.2.6 | 125.92 | OK | |||
| r-devel-linux-x86_64-fedora-gcc | 1.2.6 | 135.34 | OK | |||
| r-devel-windows-x86_64 | 1.2.6 | 23.00 | 96.00 | 119.00 | OK | |
| r-patched-linux-x86_64 | 1.2.6 | 20.65 | 56.53 | 77.18 | OK | |
| r-release-linux-x86_64 | 1.2.6 | 20.11 | 56.38 | 76.49 | OK | |
| r-release-macos-arm64 | 1.2.6 | 196.00 | OK | |||
| r-release-macos-x86_64 | 1.2.6 | 129.00 | OK | |||
| r-release-windows-x86_64 | 1.2.6 | 24.00 | 95.00 | 119.00 | OK | |
| r-oldrel-macos-arm64 | 1.2.6 | 50.00 | NOTE | |||
| r-oldrel-macos-x86_64 | 1.2.6 | 126.00 | NOTE | |||
| r-oldrel-windows-x86_64 | 1.2.6 | 24.00 | 112.00 | 136.00 | OK | 
Version: 1.2.6
Check: installed package size
Result: NOTE
    installed size is  5.5Mb
    sub-directories of 1Mb or more:
      extdata   2.5Mb
      libs      2.5Mb
Flavors: r-oldrel-macos-arm64, r-oldrel-macos-x86_64