Last updated on 2025-05-14 23:50:56 CEST.
Flavor | Version | Tinstall | Tcheck | Ttotal | Status | Flags |
---|---|---|---|---|---|---|
r-devel-linux-x86_64-debian-clang | 1.1 | 4.18 | 27.60 | 31.78 | OK | |
r-devel-linux-x86_64-debian-gcc | 1.1 | 13.84 | 104.05 | 117.89 | OK | |
r-devel-linux-x86_64-fedora-clang | 1.2 | 268.79 | OK | |||
r-devel-linux-x86_64-fedora-gcc | 1.2 | 278.91 | OK | |||
r-devel-windows-x86_64 | 1.1 | 6.00 | 50.00 | 56.00 | OK | |
r-patched-linux-x86_64 | 1.1 | 4.69 | 26.05 | 30.74 | OK | |
r-release-linux-x86_64 | 1.1 | 4.47 | 26.20 | 30.67 | OK | |
r-release-macos-arm64 | 1.2 | 72.00 | OK | |||
r-release-macos-x86_64 | 1.1 | 91.00 | OK | |||
r-release-windows-x86_64 | 1.1 | 19.00 | 136.00 | 155.00 | OK | |
r-oldrel-macos-arm64 | 1.2 | 74.00 | OK | |||
r-oldrel-macos-x86_64 | 1.2 | 119.00 | WARN | |||
r-oldrel-windows-x86_64 | 1.1 | 7.00 | 56.00 | 63.00 | OK |
Version: 1.2
Check: Rd files
Result: WARN
Warning in file() :
cannot open file '/var/folders/2b/t0kwbtmn3p7brv2mvx39c9cr0000gn/T//Rtmp940WBO/Rf138ac365660be': No space left on device
Error in file() : cannot open the connection
Calls: <Anonymous> ... initialRdMacros -> loadRdMacros -> parse_Rd -> file
Execution halted
Flavor: r-oldrel-macos-x86_64
Version: 1.2
Check: for missing documentation entries
Result: WARN
Warning in file(open = "w+") :
cannot open file '/var/folders/2b/t0kwbtmn3p7brv2mvx39c9cr0000gn/T//RtmprL6DDM/Rf138b873a904c5': No space left on device
Error in file(open = "w+") : cannot open the connection
Calls: <Anonymous> -> unlist -> .try_quietly -> file
Execution halted
All user-level objects in a package should have documentation entries.
See chapter ‘Writing R documentation files’ in the ‘Writing R
Extensions’ manual.
* checking for code/documentation mismatches ...* using check arguments '--no-clean-on-error '
Flavor: r-oldrel-macos-x86_64