Last updated on 2025-09-26 23:53:45 CEST.
| Flavor | Version | Tinstall | Tcheck | Ttotal | Status | Flags | 
|---|---|---|---|---|---|---|
| r-devel-linux-x86_64-debian-clang | 1.0.1 | 2.38 | 26.01 | 28.39 | NOTE | |
| r-devel-linux-x86_64-debian-gcc | 1.0.1 | 1.98 | 20.45 | 22.43 | NOTE | |
| r-devel-linux-x86_64-fedora-clang | 1.0.1 | 42.39 | OK | |||
| r-devel-linux-x86_64-fedora-gcc | 1.0.1 | 40.09 | OK | |||
| r-devel-windows-x86_64 | 1.0.1 | 5.00 | 136.00 | 141.00 | OK | |
| r-patched-linux-x86_64 | 1.0.1 | 2.39 | 24.47 | 26.86 | OK | |
| r-release-linux-x86_64 | 1.0.1 | 2.35 | 24.63 | 26.98 | OK | |
| r-release-macos-arm64 | 1.0.1 | 19.00 | OK | |||
| r-release-macos-x86_64 | 1.0.1 | 27.00 | OK | |||
| r-release-windows-x86_64 | 1.0.1 | 5.00 | 46.00 | 51.00 | OK | |
| r-oldrel-macos-arm64 | 1.0.1 | 16.00 | OK | |||
| r-oldrel-macos-x86_64 | 1.0.1 | 24.00 | OK | |||
| r-oldrel-windows-x86_64 | 1.0.1 | 5.00 | 55.00 | 60.00 | OK | 
Version: 1.0.1
Check: CRAN incoming feasibility
Result: NOTE
  Maintainer: ‘Lianming Wang <wangl@stat.sc.edu>’
  
  No Authors@R field in DESCRIPTION.
  Please add one, modifying
    Authors@R: c(person(given = c("Christopher", "S."),
                        family = "McMahan",
                        role = "aut"),
                 person(given = "Lianming",
                        family = "Wang",
                        role = c("aut", "cre"),
                        email = "wangl@stat.sc.edu"))
  as necessary.
Flavors: r-devel-linux-x86_64-debian-clang, r-devel-linux-x86_64-debian-gcc