CRAN Package Check Results for Package KneeArrower

Last updated on 2025-05-14 23:50:58 CEST.

Flavor Version Tinstall Tcheck Ttotal Status Flags
r-devel-linux-x86_64-debian-clang 1.0.0 1.31 26.29 27.60 NOTE
r-devel-linux-x86_64-debian-gcc 1.0.0 1.38 21.43 22.81 NOTE
r-devel-linux-x86_64-fedora-clang 1.0.0 42.40 OK
r-devel-linux-x86_64-fedora-gcc 1.0.0 58.16 OK
r-devel-windows-x86_64 1.0.0 4.00 47.00 51.00 OK
r-patched-linux-x86_64 1.0.0 1.86 24.22 26.08 OK
r-release-linux-x86_64 1.0.0 1.59 24.09 25.68 OK
r-release-macos-arm64 1.0.0 38.00 OK
r-release-macos-x86_64 1.0.0 42.00 OK
r-release-windows-x86_64 1.0.0 3.00 47.00 50.00 OK
r-oldrel-macos-arm64 1.0.0 23.00 NOTE
r-oldrel-macos-x86_64 1.0.0 34.00 NOTE
r-oldrel-windows-x86_64 1.0.0 3.00 51.00 54.00 NOTE

Check Details

Version: 1.0.0
Check: CRAN incoming feasibility
Result: NOTE Maintainer: ‘Alan Tseng <alan.tseng@alum.utoronto.ca>’ No Authors@R field in DESCRIPTION. Please add one, modifying Authors@R: person(given = "Alan", family = "Tseng", role = c("aut", "cre"), email = "alan.tseng@alum.utoronto.ca") as necessary. Flavors: r-devel-linux-x86_64-debian-clang, r-devel-linux-x86_64-debian-gcc

Version: 1.0.0
Check: LazyData
Result: NOTE 'LazyData' is specified without a 'data' directory Flavors: r-oldrel-macos-arm64, r-oldrel-macos-x86_64, r-oldrel-windows-x86_64