CRAN Package Check Results for Package MARSSVRhybrid

Last updated on 2025-05-14 23:50:59 CEST.

Flavor Version Tinstall Tcheck Ttotal Status Flags
r-devel-linux-x86_64-debian-clang 0.1.0 1.61 19.97 21.58 OK
r-devel-linux-x86_64-debian-gcc 0.1.0 1.55 16.35 17.90 OK
r-devel-linux-x86_64-fedora-clang 0.1.0 33.87 OK
r-devel-linux-x86_64-fedora-gcc 0.1.0 31.98 OK
r-devel-windows-x86_64 0.1.0 3.00 41.00 44.00 OK
r-patched-linux-x86_64 0.1.0 1.92 19.29 21.21 OK
r-release-linux-x86_64 0.1.0 1.63 19.14 20.77 OK
r-release-macos-arm64 0.1.0 29.00 OK
r-release-macos-x86_64 0.1.0 27.00 OK
r-release-windows-x86_64 0.1.0 3.00 41.00 44.00 OK
r-oldrel-macos-arm64 0.1.0 17.00 NOTE
r-oldrel-macos-x86_64 0.1.0 25.00 NOTE
r-oldrel-windows-x86_64 0.1.0 3.00 45.00 48.00 NOTE

Check Details

Version: 0.1.0
Check: LazyData
Result: NOTE 'LazyData' is specified without a 'data' directory Flavors: r-oldrel-macos-arm64, r-oldrel-macos-x86_64, r-oldrel-windows-x86_64