CRAN Package Check Results for Package NFLSimulatoR

Last updated on 2025-05-14 23:51:02 CEST.

Flavor Version Tinstall Tcheck Ttotal Status Flags
r-devel-linux-x86_64-debian-clang 0.4.0 2.87 49.72 52.59 OK
r-devel-linux-x86_64-debian-gcc 0.4.0 2.24 38.38 40.62 OK
r-devel-linux-x86_64-fedora-clang 0.4.0 79.20 NOTE
r-devel-linux-x86_64-fedora-gcc 0.4.0 92.00 NOTE
r-devel-windows-x86_64 0.4.0 4.00 64.00 68.00 OK
r-patched-linux-x86_64 0.4.0 3.18 47.68 50.86 OK
r-release-linux-x86_64 0.4.0 2.91 46.61 49.52 OK
r-release-macos-arm64 0.4.0 40.00 OK
r-release-macos-x86_64 0.4.0 143.00 OK
r-release-windows-x86_64 0.4.0 4.00 64.00 68.00 OK
r-oldrel-macos-arm64 0.4.0 38.00 OK
r-oldrel-macos-x86_64 0.4.0 52.00 OK
r-oldrel-windows-x86_64 0.4.0 6.00 77.00 83.00 OK

Check Details

Version: 0.4.0
Check: dependencies in R code
Result: NOTE Namespace in Imports field not imported from: ‘nflfastR’ All declared Imports should be used. Flavors: r-devel-linux-x86_64-fedora-clang, r-devel-linux-x86_64-fedora-gcc