Last updated on 2025-05-14 23:51:08 CEST.
Flavor | Version | Tinstall | Tcheck | Ttotal | Status | Flags |
---|---|---|---|---|---|---|
r-devel-linux-x86_64-debian-clang | 0.4.26 | 503.92 | 51.80 | 555.72 | OK | |
r-devel-linux-x86_64-debian-gcc | 0.4.26 | 496.80 | 38.40 | 535.20 | OK | |
r-devel-linux-x86_64-fedora-gcc | 0.4.26 | 1595.63 | OK | |||
r-devel-windows-x86_64 | 0.4.26 | 872.00 | 136.00 | 1008.00 | NOTE | |
r-patched-linux-x86_64 | 0.4.26 | 703.42 | 48.48 | 751.90 | OK | |
r-release-linux-x86_64 | 0.4.26 | 701.87 | 47.78 | 749.65 | OK | |
r-release-macos-arm64 | 0.4.26 | 198.00 | OK | |||
r-release-macos-x86_64 | 0.4.26 | 251.00 | OK | |||
r-release-windows-x86_64 | 0.4.26 | 877.00 | 136.00 | 1013.00 | NOTE | |
r-oldrel-macos-arm64 | 0.4.26 | 195.00 | NOTE | |||
r-oldrel-macos-x86_64 | 0.4.26 | 286.00 | NOTE | |||
r-oldrel-windows-x86_64 | 0.4.26 | 998.00 | 148.00 | 1146.00 | NOTE |
Version: 0.4.26
Check: compiled code
Result: NOTE
File 'RQuantLib/libs/x64/RQuantLib.dll':
Found '_ZSt4cerr', possibly from 'std::cerr' (C++)
Object: '../windows/quantlib/lib/libQuantLib.a'
Compiled code should not call entry points which might terminate R nor
write to stdout/stderr instead of to the console, nor use Fortran I/O
nor system RNGs nor [v]sprintf.
See 'Writing portable packages' in the 'Writing R Extensions' manual.
Flavors: r-devel-windows-x86_64, r-release-windows-x86_64
Version: 0.4.26
Check: installed package size
Result: NOTE
installed size is 103.5Mb
sub-directories of 1Mb or more:
libs 102.9Mb
Flavors: r-oldrel-macos-arm64, r-oldrel-macos-x86_64, r-oldrel-windows-x86_64