CRAN Package Check Results for Package S7

Last updated on 2025-05-14 23:51:08 CEST.

Flavor Version Tinstall Tcheck Ttotal Status Flags
r-devel-linux-x86_64-debian-clang 0.2.0 5.53 95.64 101.17 NOTE
r-devel-linux-x86_64-debian-gcc 0.2.0 3.86 68.79 72.65 NOTE
r-devel-linux-x86_64-fedora-clang 0.2.0 154.46 NOTE
r-devel-linux-x86_64-fedora-gcc 0.2.0 159.21 NOTE
r-devel-windows-x86_64 0.2.0 9.00 106.00 115.00 NOTE
r-patched-linux-x86_64 0.2.0 5.49 90.19 95.68 NOTE
r-release-linux-x86_64 0.2.0 5.37 89.80 95.17 NOTE
r-release-macos-arm64 0.2.0 57.00 NOTE
r-release-macos-x86_64 0.2.0 116.00 NOTE
r-release-windows-x86_64 0.2.0 8.00 106.00 114.00 NOTE
r-oldrel-macos-arm64 0.2.0 83.00 OK
r-oldrel-macos-x86_64 0.2.0 151.00 OK
r-oldrel-windows-x86_64 0.2.0 10.00 131.00 141.00 OK

Check Details

Version: 0.2.0
Check: compiled code
Result: NOTE File ‘S7/libs/S7.so’: Found non-API calls to R: ‘FORMALS’, ‘Rf_allocSExp’ Compiled code should not call non-API entry points in R. See ‘Writing portable packages’ in the ‘Writing R Extensions’ manual, and section ‘Moving into C API compliance’ for issues with the use of non-API entry points. Flavors: r-devel-linux-x86_64-debian-clang, r-devel-linux-x86_64-debian-gcc, r-devel-linux-x86_64-fedora-clang, r-devel-linux-x86_64-fedora-gcc, r-patched-linux-x86_64, r-release-linux-x86_64, r-release-macos-arm64, r-release-macos-x86_64

Version: 0.2.0
Check: compiled code
Result: NOTE File 'S7/libs/x64/S7.dll': Found non-API calls to R: 'FORMALS', 'Rf_allocSExp' Compiled code should not call non-API entry points in R. See 'Writing portable packages' in the 'Writing R Extensions' manual, and section 'Moving into C API compliance' for issues with the use of non-API entry points. Flavors: r-devel-windows-x86_64, r-release-windows-x86_64