Last updated on 2025-05-14 23:51:08 CEST.
Flavor | Version | Tinstall | Tcheck | Ttotal | Status | Flags |
---|---|---|---|---|---|---|
r-devel-linux-x86_64-debian-clang | 1.0.0 | 7.43 | 89.22 | 96.65 | OK | |
r-devel-linux-x86_64-debian-gcc | 1.0.0 | 4.99 | 67.03 | 72.02 | OK | |
r-devel-linux-x86_64-fedora-clang | 1.0.0 | 153.08 | NOTE | |||
r-devel-linux-x86_64-fedora-gcc | 1.0.0 | 165.80 | NOTE | |||
r-devel-windows-x86_64 | 1.0.0 | 8.00 | 96.00 | 104.00 | OK | |
r-patched-linux-x86_64 | 1.0.0 | 5.80 | 86.25 | 92.05 | OK | |
r-release-linux-x86_64 | 1.0.0 | 6.10 | 87.26 | 93.36 | OK | |
r-release-macos-arm64 | 1.0.0 | 58.00 | OK | |||
r-release-macos-x86_64 | 1.0.0 | 109.00 | OK | |||
r-release-windows-x86_64 | 1.0.0 | 8.00 | 99.00 | 107.00 | OK | |
r-oldrel-macos-arm64 | 1.0.0 | 43.00 | NOTE | |||
r-oldrel-macos-x86_64 | 1.0.0 | 75.00 | NOTE | |||
r-oldrel-windows-x86_64 | 1.0.0 | 10.00 | 122.00 | 132.00 | NOTE |
Version: 1.0.0
Check: dependencies in R code
Result: NOTE
Namespace in Imports field not imported from: ‘network’
All declared Imports should be used.
Flavors: r-devel-linux-x86_64-fedora-clang, r-devel-linux-x86_64-fedora-gcc
Version: 1.0.0
Check: LazyData
Result: NOTE
'LazyData' is specified without a 'data' directory
Flavors: r-oldrel-macos-arm64, r-oldrel-macos-x86_64, r-oldrel-windows-x86_64