Last updated on 2025-09-26 23:53:56 CEST.
| Flavor | Version | Tinstall | Tcheck | Ttotal | Status | Flags |
|---|---|---|---|---|---|---|
| r-devel-linux-x86_64-debian-clang | 1.28 | 21.53 | 0.02 | 21.55 | FAIL | |
| r-devel-linux-x86_64-debian-gcc | 1.28 | 15.80 | 114.14 | 129.94 | OK | |
| r-devel-linux-x86_64-fedora-clang | 1.28 | 301.62 | OK | |||
| r-devel-linux-x86_64-fedora-gcc | 1.28 | 285.87 | OK | |||
| r-devel-windows-x86_64 | 1.28 | 24.00 | 180.00 | 204.00 | OK | |
| r-patched-linux-x86_64 | 1.28 | 23.88 | 163.38 | 187.26 | OK | |
| r-release-linux-x86_64 | 1.28 | 19.24 | 162.60 | 181.84 | OK | |
| r-release-macos-arm64 | 1.28 | 45.00 | OK | |||
| r-release-macos-x86_64 | 1.28 | 76.00 | OK | |||
| r-release-windows-x86_64 | 1.28 | 25.00 | 182.00 | 207.00 | OK | |
| r-oldrel-macos-arm64 | 1.28 | 58.00 | OK | |||
| r-oldrel-macos-x86_64 | 1.28 | 92.00 | OK | |||
| r-oldrel-windows-x86_64 | 1.28 | 35.00 | 232.00 | 267.00 | OK |
Version: 1.28
Check: package dependencies
Result: FAIL
Flavor: r-devel-linux-x86_64-debian-clang