CRAN Package Check Results for Package SteinIV

Last updated on 2025-05-14 23:51:10 CEST.

Flavor Version Tinstall Tcheck Ttotal Status Flags
r-devel-linux-x86_64-debian-clang 0.1-1 1.86 20.23 22.09 NOTE
r-devel-linux-x86_64-debian-gcc 0.1-1 1.49 16.30 17.79 NOTE
r-devel-linux-x86_64-fedora-clang 0.1-1 34.24 OK
r-devel-linux-x86_64-fedora-gcc 0.1-1 32.62 OK
r-devel-windows-x86_64 0.1-1 2.00 44.00 46.00 OK
r-patched-linux-x86_64 0.1-1 1.93 19.41 21.34 OK
r-release-linux-x86_64 0.1-1 1.73 19.29 21.02 OK
r-release-macos-arm64 0.1-1 17.00 OK
r-release-macos-x86_64 0.1-1 25.00 OK
r-release-windows-x86_64 0.1-1 2.00 45.00 47.00 OK
r-oldrel-macos-arm64 0.1-1 15.00 OK
r-oldrel-macos-x86_64 0.1-1 21.00 OK
r-oldrel-windows-x86_64 0.1-1 3.00 42.00 45.00 OK

Check Details

Version: 0.1-1
Check: CRAN incoming feasibility
Result: NOTE Maintainer: ‘Cedric E Ginestet <cedric.ginestet@kcl.ac.uk>’ No Authors@R field in DESCRIPTION. Please add one, modifying Authors@R: person(given = c("Cedric", "E"), family = "Ginestet", role = c("aut", "cre"), email = "cedric.ginestet@kcl.ac.uk") as necessary. Flavors: r-devel-linux-x86_64-debian-clang, r-devel-linux-x86_64-debian-gcc