Last updated on 2025-09-26 23:53:59 CEST.
| Flavor | Version | Tinstall | Tcheck | Ttotal | Status | Flags | 
|---|---|---|---|---|---|---|
| r-devel-linux-x86_64-debian-clang | 6.0-0 | 2.25 | 42.57 | 44.82 | NOTE | |
| r-devel-linux-x86_64-debian-gcc | 6.0-0 | 1.66 | 27.72 | 29.38 | NOTE | |
| r-devel-linux-x86_64-fedora-clang | 6.0-0 | 67.65 | OK | |||
| r-devel-linux-x86_64-fedora-gcc | 6.0-0 | 67.20 | OK | |||
| r-devel-windows-x86_64 | 6.0-0 | 4.00 | 52.00 | 56.00 | OK | |
| r-patched-linux-x86_64 | 6.0-0 | 1.89 | 40.38 | 42.27 | OK | |
| r-release-linux-x86_64 | 6.0-0 | 2.03 | 39.86 | 41.89 | OK | |
| r-release-macos-arm64 | 6.0-0 | 22.00 | OK | |||
| r-release-macos-x86_64 | 6.0-0 | 58.00 | OK | |||
| r-release-windows-x86_64 | 6.0-0 | 3.00 | 55.00 | 58.00 | OK | |
| r-oldrel-macos-arm64 | 6.0-0 | 21.00 | OK | |||
| r-oldrel-macos-x86_64 | 6.0-0 | 39.00 | OK | |||
| r-oldrel-windows-x86_64 | 6.0-0 | 3.00 | 53.00 | 56.00 | OK | 
Version: 6.0-0
Check: CRAN incoming feasibility
Result: NOTE
  Maintainer: ‘M. Suzette Blanchard <sblanchard@coh.org>’
  
  No Authors@R field in DESCRIPTION.
  Please add one, modifying
    Authors@R: person(given = c("M.", "Suzette"),
                      family = "Blanchard",
                      role = c("aut", "cre"),
                      email = "sblanchard@coh.org")
  as necessary.
Flavors: r-devel-linux-x86_64-debian-clang, r-devel-linux-x86_64-debian-gcc