Last updated on 2025-05-14 23:51:11 CEST.
Flavor | Version | Tinstall | Tcheck | Ttotal | Status | Flags |
---|---|---|---|---|---|---|
r-devel-linux-x86_64-debian-clang | 1.0.3 | 2.73 | 50.54 | 53.27 | NOTE | |
r-devel-linux-x86_64-debian-gcc | 1.0.3 | 1.96 | 38.17 | 40.13 | NOTE | |
r-devel-linux-x86_64-fedora-clang | 1.0.3 | 81.14 | OK | |||
r-devel-linux-x86_64-fedora-gcc | 1.0.3 | 90.93 | OK | |||
r-devel-windows-x86_64 | 1.0.3 | 5.00 | 75.00 | 80.00 | OK | |
r-patched-linux-x86_64 | 1.0.3 | 2.45 | 47.36 | 49.81 | OK | |
r-release-linux-x86_64 | 1.0.3 | 2.66 | 47.37 | 50.03 | OK | |
r-release-macos-arm64 | 1.0.3 | 39.00 | OK | |||
r-release-macos-x86_64 | 1.0.3 | 76.00 | OK | |||
r-release-windows-x86_64 | 1.0.3 | 4.00 | 72.00 | 76.00 | OK | |
r-oldrel-macos-arm64 | 1.0.3 | 32.00 | OK | |||
r-oldrel-macos-x86_64 | 1.0.3 | 50.00 | OK | |||
r-oldrel-windows-x86_64 | 1.0.3 | 5.00 | 186.00 | 191.00 | OK |
Version: 1.0.3
Check: CRAN incoming feasibility
Result: NOTE
Maintainer: ‘Michael Milton <michael.r.milton@gmail.com>’
No Authors@R field in DESCRIPTION.
Please add one, modifying
Authors@R: person(given = "Michael",
family = "Milton",
role = c("aut", "cre"),
email = "michael.r.milton@gmail.com")
as necessary.
Flavors: r-devel-linux-x86_64-debian-clang, r-devel-linux-x86_64-debian-gcc