Last updated on 2025-05-13 22:51:04 CEST.
Flavor | Version | Tinstall | Tcheck | Ttotal | Status | Flags |
---|---|---|---|---|---|---|
r-devel-linux-x86_64-debian-clang | 1.13.1 | 70.47 | 156.42 | 226.89 | OK | |
r-devel-linux-x86_64-debian-gcc | 1.13.1 | 52.86 | 107.24 | 160.10 | OK | |
r-devel-linux-x86_64-fedora-clang | 1.13.1 | 383.15 | OK | |||
r-devel-linux-x86_64-fedora-gcc | 1.13.1 | 415.19 | OK | |||
r-devel-windows-x86_64 | 1.13.1 | 85.00 | 202.00 | 287.00 | OK | |
r-patched-linux-x86_64 | 1.13.1 | 80.75 | 151.54 | 232.29 | OK | |
r-release-linux-x86_64 | 1.13.1 | 73.37 | 149.39 | 222.76 | OK | |
r-release-macos-arm64 | 1.13.1 | 107.00 | OK | |||
r-release-macos-x86_64 | 1.14.0 | 230.00 | OK | |||
r-release-windows-x86_64 | 1.13.1 | 83.00 | 234.00 | 317.00 | OK | |
r-oldrel-macos-arm64 | 1.13.1 | 103.00 | NOTE | |||
r-oldrel-macos-x86_64 | 1.14.0 | 243.00 | NOTE | |||
r-oldrel-windows-x86_64 | 1.13.1 | 101.00 | 254.00 | 355.00 | OK |
Version: 1.13.1
Check: installed package size
Result: NOTE
installed size is 6.1Mb
sub-directories of 1Mb or more:
R 1.1Mb
libs 3.9Mb
Flavor: r-oldrel-macos-arm64
Version: 1.14.0
Check: installed package size
Result: NOTE
installed size is 5.7Mb
sub-directories of 1Mb or more:
R 1.1Mb
libs 3.5Mb
Flavor: r-oldrel-macos-x86_64