Last updated on 2025-09-26 23:53:33 CEST.
| Flavor | Version | Tinstall | Tcheck | Ttotal | Status | Flags |
|---|---|---|---|---|---|---|
| r-devel-linux-x86_64-debian-clang | 2.0-5 | 2.52 | 26.56 | 29.08 | NOTE | |
| r-devel-linux-x86_64-debian-gcc | 2.0-5 | 1.89 | 21.07 | 22.96 | NOTE | |
| r-devel-linux-x86_64-fedora-clang | 2.0-5 | 41.54 | NOTE | |||
| r-devel-linux-x86_64-fedora-gcc | 2.0-5 | 41.94 | NOTE | |||
| r-devel-windows-x86_64 | 2.0-5 | 7.00 | 51.00 | 58.00 | NOTE | |
| r-patched-linux-x86_64 | 2.0-5 | 2.44 | 25.27 | 27.71 | NOTE | |
| r-release-linux-x86_64 | 2.0-5 | 2.15 | 25.07 | 27.22 | NOTE | |
| r-release-macos-arm64 | 2.0-5 | 18.00 | NOTE | |||
| r-release-macos-x86_64 | 2.0-5 | 41.00 | NOTE | |||
| r-release-windows-x86_64 | 2.0-5 | 6.00 | 52.00 | 58.00 | NOTE | |
| r-oldrel-macos-arm64 | 2.0-5 | 22.00 | NOTE | |||
| r-oldrel-macos-x86_64 | 2.0-5 | 26.00 | NOTE | |||
| r-oldrel-windows-x86_64 | 2.0-5 | 6.00 | 53.00 | 59.00 | NOTE |
Version: 2.0-5
Check: CRAN incoming feasibility
Result: NOTE
Maintainer: ‘Mark Culp <mvculp@mail.wvu.edu>’
No Authors@R field in DESCRIPTION.
Please add one, modifying
Authors@R: c(person(given = "Mark",
family = "Culp",
role = c("aut", "cre"),
email = "mvculp@mail.wvu.edu"),
person(given = "Kjell",
family = "Johnson",
role = "aut"),
person(given = "George",
family = "Michailidis",
role = "aut"))
as necessary.
Flavors: r-devel-linux-x86_64-debian-clang, r-devel-linux-x86_64-debian-gcc
Version: 2.0-5
Check: Rd files
Result: NOTE
checkRd: (-1) ada.Rd:171: Escaped LaTeX specials: \&
Flavors: r-devel-linux-x86_64-debian-clang, r-devel-linux-x86_64-debian-gcc, r-devel-linux-x86_64-fedora-clang, r-devel-linux-x86_64-fedora-gcc, r-devel-windows-x86_64, r-patched-linux-x86_64, r-release-linux-x86_64, r-release-macos-arm64, r-release-macos-x86_64, r-release-windows-x86_64, r-oldrel-macos-arm64, r-oldrel-macos-x86_64, r-oldrel-windows-x86_64