Last updated on 2025-09-26 23:53:33 CEST.
| Flavor | Version | Tinstall | Tcheck | Ttotal | Status | Flags |
|---|---|---|---|---|---|---|
| r-devel-linux-x86_64-debian-clang | 1.7-23 | 70.38 | 310.42 | 380.80 | OK | |
| r-devel-linux-x86_64-debian-gcc | 1.7-23 | 45.85 | 205.71 | 251.56 | OK | |
| r-devel-linux-x86_64-fedora-clang | 1.7-23 | 607.64 | NOTE | |||
| r-devel-linux-x86_64-fedora-gcc | 1.7-23 | 634.48 | NOTE | |||
| r-devel-windows-x86_64 | 1.7-23 | 87.00 | 398.00 | 485.00 | OK | |
| r-patched-linux-x86_64 | 1.7-23 | 79.13 | 294.13 | 373.26 | OK | |
| r-release-linux-x86_64 | 1.7-23 | 69.86 | 301.78 | 371.64 | OK | |
| r-release-macos-arm64 | 1.7-23 | 162.00 | OK | |||
| r-release-macos-x86_64 | 1.7-23 | 407.00 | OK | |||
| r-release-windows-x86_64 | 1.7-23 | 86.00 | 391.00 | 477.00 | OK | |
| r-oldrel-macos-arm64 | 1.7-23 | 146.00 | NOTE | |||
| r-oldrel-macos-x86_64 | 1.7-23 | 392.00 | NOTE | |||
| r-oldrel-windows-x86_64 | 1.7-23 | 107.00 | 512.00 | 619.00 | NOTE |
Version: 1.7-23
Check: dependencies in R code
Result: NOTE
Namespace in Imports field not imported from: ‘sp’
All declared Imports should be used.
Flavors: r-devel-linux-x86_64-fedora-clang, r-devel-linux-x86_64-fedora-gcc
Version: 1.7-23
Check: installed package size
Result: NOTE
installed size is 9.3Mb
sub-directories of 1Mb or more:
R 2.0Mb
data 2.9Mb
libs 2.6Mb
Flavors: r-oldrel-macos-arm64, r-oldrel-macos-x86_64, r-oldrel-windows-x86_64