Last updated on 2025-09-26 23:53:33 CEST.
| Flavor | Version | Tinstall | Tcheck | Ttotal | Status | Flags | 
|---|---|---|---|---|---|---|
| r-devel-linux-x86_64-debian-clang | 0.2.2 | 27.34 | 123.45 | 150.79 | NOTE | |
| r-devel-linux-x86_64-debian-gcc | 0.2.2 | 17.21 | 91.78 | 108.99 | NOTE | |
| r-devel-linux-x86_64-fedora-clang | 0.2.2 | 262.81 | NOTE | |||
| r-devel-linux-x86_64-fedora-gcc | 0.2.2 | 273.87 | NOTE | |||
| r-devel-windows-x86_64 | 0.2.2 | 35.00 | 205.00 | 240.00 | OK | |
| r-patched-linux-x86_64 | 0.2.2 | 25.18 | 121.45 | 146.63 | OK | |
| r-release-linux-x86_64 | 0.2.2 | 26.38 | 122.22 | 148.60 | OK | |
| r-release-macos-arm64 | 0.2.2 | 102.00 | OK | |||
| r-release-macos-x86_64 | 0.2.2 | 160.00 | OK | |||
| r-release-windows-x86_64 | 0.2.2 | 35.00 | 204.00 | 239.00 | OK | |
| r-oldrel-macos-arm64 | 0.2.2 | 80.00 | NOTE | |||
| r-oldrel-macos-x86_64 | 0.2.2 | 124.00 | NOTE | |||
| r-oldrel-windows-x86_64 | 0.2.2 | 41.00 | 249.00 | 290.00 | NOTE | 
Version: 0.2.2
Check: CRAN incoming feasibility
Result: NOTE
  Maintainer: ‘Edward Lee <email.edwardlee@gmail.com>’
  
  The BugReports field in DESCRIPTION has
    http://github.com/edwardslee/alphabetr
  which should likely be
    http://github.com/edwardslee/alphabetr/issues
  instead.
Flavors: r-devel-linux-x86_64-debian-clang, r-devel-linux-x86_64-debian-gcc
Version: 0.2.2
Check: compiled code
Result: NOTE
  File ‘alphabetr/libs/alphabetr.so’:
    Found no calls to: ‘R_registerRoutines’, ‘R_useDynamicSymbols’
  
  It is good practice to register native routines and to disable symbol
  search.
  
  See ‘Writing portable packages’ in the ‘Writing R Extensions’ manual.
Flavors: r-devel-linux-x86_64-fedora-clang, r-devel-linux-x86_64-fedora-gcc
Version: 0.2.2
Check: LazyData
Result: NOTE
    'LazyData' is specified without a 'data' directory
Flavors: r-oldrel-macos-arm64, r-oldrel-macos-x86_64, r-oldrel-windows-x86_64