Last updated on 2025-05-14 23:50:49 CEST.
Flavor | Version | Tinstall | Tcheck | Ttotal | Status | Flags |
---|---|---|---|---|---|---|
r-devel-linux-x86_64-debian-clang | 0.2.2 | 2.64 | 29.31 | 31.95 | NOTE | |
r-devel-linux-x86_64-debian-gcc | 0.2.2 | 2.06 | 23.15 | 25.21 | NOTE | |
r-devel-linux-x86_64-fedora-clang | 0.2.2 | 50.59 | OK | |||
r-devel-linux-x86_64-fedora-gcc | 0.2.2 | 49.82 | OK | |||
r-devel-windows-x86_64 | 0.2.2 | 3.00 | 49.00 | 52.00 | OK | |
r-patched-linux-x86_64 | 0.2.2 | 3.13 | 28.17 | 31.30 | OK | |
r-release-linux-x86_64 | 0.2.2 | 2.75 | 28.22 | 30.97 | OK | |
r-release-macos-arm64 | 0.2.2 | 21.00 | OK | |||
r-release-macos-x86_64 | 0.2.2 | 49.00 | OK | |||
r-release-windows-x86_64 | 0.2.2 | 5.00 | 51.00 | 56.00 | OK | |
r-oldrel-macos-arm64 | 0.2.2 | 24.00 | OK | |||
r-oldrel-macos-x86_64 | 0.2.2 | 30.00 | OK | |||
r-oldrel-windows-x86_64 | 0.2.2 | 4.00 | 57.00 | 61.00 | OK |
Version: 0.2.2
Check: CRAN incoming feasibility
Result: NOTE
Maintainer: ‘Dave Hunter <dhunter@westmont.edu>’
No Authors@R field in DESCRIPTION.
Please add one, modifying
Authors@R: c(person(given = c("David", "J."),
family = "Hunter",
role = "aut"),
person(given = "McKalie",
family = "Drown",
role = "aut"),
person(given = "Dave",
family = "Hunter",
role = "cre",
email = "dhunter@westmont.edu"))
as necessary.
Flavors: r-devel-linux-x86_64-debian-clang, r-devel-linux-x86_64-debian-gcc