Last updated on 2025-09-26 23:53:35 CEST.
| Flavor | Version | Tinstall | Tcheck | Ttotal | Status | Flags |
|---|---|---|---|---|---|---|
| r-devel-linux-x86_64-debian-clang | 0.1.0 | 8.83 | 64.04 | 72.87 | OK | |
| r-devel-linux-x86_64-debian-gcc | 0.1.0 | 7.09 | 49.60 | 56.69 | OK | |
| r-devel-linux-x86_64-fedora-clang | 0.1.0 | 109.71 | NOTE | |||
| r-devel-linux-x86_64-fedora-gcc | 0.1.0 | 122.81 | NOTE | |||
| r-devel-windows-x86_64 | 0.1.0 | 10.00 | 87.00 | 97.00 | OK | |
| r-patched-linux-x86_64 | 0.1.0 | 8.57 | 60.61 | 69.18 | OK | |
| r-release-linux-x86_64 | 0.1.0 | 8.24 | 61.84 | 70.08 | OK | |
| r-release-macos-arm64 | 0.1.0 | 55.00 | OK | |||
| r-release-macos-x86_64 | 0.1.0 | 81.00 | OK | |||
| r-release-windows-x86_64 | 0.1.0 | 11.00 | 88.00 | 99.00 | OK | |
| r-oldrel-macos-arm64 | 0.1.0 | 56.00 | OK | |||
| r-oldrel-macos-x86_64 | 0.1.0 | 80.00 | OK | |||
| r-oldrel-windows-x86_64 | 0.1.0 | 14.00 | 103.00 | 117.00 | OK |
Version: 0.1.0
Check: dependencies in R code
Result: NOTE
Namespaces in Imports field not imported from:
‘CCA’ ‘brainR’ ‘elasticnet’
All declared Imports should be used.
Flavors: r-devel-linux-x86_64-fedora-clang, r-devel-linux-x86_64-fedora-gcc