Last updated on 2025-09-26 23:53:36 CEST.
| Flavor | Version | Tinstall | Tcheck | Ttotal | Status | Flags |
|---|---|---|---|---|---|---|
| r-devel-linux-x86_64-debian-clang | 0.5-38 | 4.91 | 85.54 | 90.45 | NOTE | |
| r-devel-linux-x86_64-debian-gcc | 0.5-38 | 3.43 | 59.34 | 62.77 | NOTE | |
| r-devel-linux-x86_64-fedora-clang | 0.5-38 | 134.73 | OK | |||
| r-devel-linux-x86_64-fedora-gcc | 0.5-38 | 154.64 | OK | |||
| r-devel-windows-x86_64 | 0.5-38 | 6.00 | 114.00 | 120.00 | OK | |
| r-patched-linux-x86_64 | 0.5-38 | 4.30 | 80.88 | 85.18 | OK | |
| r-release-linux-x86_64 | 0.5-38 | 5.34 | 80.45 | 85.79 | OK | |
| r-release-macos-arm64 | 0.5-38 | 57.00 | OK | |||
| r-release-macos-x86_64 | 0.5-38 | 135.00 | OK | |||
| r-release-windows-x86_64 | 0.5-38 | 6.00 | 115.00 | 121.00 | OK | |
| r-oldrel-macos-arm64 | 0.5-38 | 62.00 | OK | |||
| r-oldrel-macos-x86_64 | 0.5-38 | 85.00 | OK | |||
| r-oldrel-windows-x86_64 | 0.5-38 | 8.00 | 134.00 | 142.00 | OK |
Version: 0.5-38
Check: CRAN incoming feasibility
Result: NOTE
Maintainer: ‘Arne Henningsen <arne.henningsen@gmail.com>’
No Authors@R field in DESCRIPTION.
Please add one, modifying
Authors@R: person(given = "Arne",
family = "Henningsen",
role = c("aut", "cre"),
email = "arne.henningsen@gmail.com")
as necessary.
Flavors: r-devel-linux-x86_64-debian-clang, r-devel-linux-x86_64-debian-gcc