Last updated on 2025-05-14 23:50:50 CEST.
Flavor | Version | Tinstall | Tcheck | Ttotal | Status | Flags |
---|---|---|---|---|---|---|
r-devel-linux-x86_64-debian-clang | 7.3-23 | 3.29 | 22.14 | 25.43 | NOTE | |
r-devel-linux-x86_64-debian-gcc | 7.3-23 | 2.38 | 17.35 | 19.73 | NOTE | |
r-devel-linux-x86_64-fedora-clang | 7.3-23 | 39.17 | OK | |||
r-devel-linux-x86_64-fedora-gcc | 7.3-23 | 37.74 | OK | |||
r-devel-windows-x86_64 | 7.3-23 | 8.00 | 60.00 | 68.00 | OK | |
r-patched-linux-x86_64 | 7.3-23 | 3.50 | 21.24 | 24.74 | OK | |
r-release-linux-x86_64 | 7.3-23 | 2.88 | 21.03 | 23.91 | OK | |
r-release-macos-arm64 | 7.3-23 | 18.00 | OK | |||
r-release-macos-x86_64 | 7.3-23 | 28.00 | OK | |||
r-release-windows-x86_64 | 7.3-23 | 10.00 | 53.00 | 63.00 | OK | |
r-oldrel-macos-arm64 | 7.3-23 | 23.00 | OK | |||
r-oldrel-macos-x86_64 | 7.3-23 | 45.00 | OK | |||
r-oldrel-windows-x86_64 | 7.3-23 | 8.00 | 54.00 | 62.00 | OK |
Version: 7.3-23
Check: CRAN incoming feasibility
Result: NOTE
Maintainer: ‘Brian Ripley <Brian.Ripley@R-project.org>’
Package CITATION file contains call(s) to old-style personList() or
as.personList(). Please use c() on person objects instead.
Package CITATION file contains call(s) to old-style citEntry(). Please
use bibentry() instead.
Flavors: r-devel-linux-x86_64-debian-clang, r-devel-linux-x86_64-debian-gcc