Last updated on 2025-05-14 23:50:50 CEST.
Flavor | Version | Tinstall | Tcheck | Ttotal | Status | Flags |
---|---|---|---|---|---|---|
r-devel-linux-x86_64-debian-clang | 3.2-5 | 10.47 | 90.24 | 100.71 | NOTE | |
r-devel-linux-x86_64-debian-gcc | 3.2-5 | 7.80 | 65.50 | 73.30 | NOTE | |
r-devel-linux-x86_64-fedora-clang | 3.2-5 | 160.71 | NOTE | |||
r-devel-linux-x86_64-fedora-gcc | 3.2-5 | 167.99 | NOTE | |||
r-devel-windows-x86_64 | 3.2-5 | 12.00 | 103.00 | 115.00 | NOTE | |
r-patched-linux-x86_64 | 3.2-5 | 10.34 | 86.15 | 96.49 | NOTE | |
r-release-linux-x86_64 | 3.2-5 | 10.45 | 84.91 | 95.36 | NOTE | |
r-release-macos-arm64 | 3.2-5 | 69.00 | NOTE | |||
r-release-macos-x86_64 | 3.2-5 | 94.00 | NOTE | |||
r-release-windows-x86_64 | 3.2-5 | 12.00 | 104.00 | 116.00 | NOTE | |
r-oldrel-macos-arm64 | 3.2-5 | 48.00 | NOTE | |||
r-oldrel-macos-x86_64 | 3.2-5 | 73.00 | NOTE | |||
r-oldrel-windows-x86_64 | 3.2-5 | 16.00 | 128.00 | 144.00 | NOTE |
Version: 3.2-5
Check: Rd files
Result: NOTE
checkRd: (-1) cf_save_kml.Rd:68: Lost braces
68 | \code{\link{cf_find_station}} and code{vignette("choose-station")} for
| ^
Flavors: r-devel-linux-x86_64-debian-clang, r-devel-linux-x86_64-debian-gcc, r-devel-linux-x86_64-fedora-clang, r-devel-linux-x86_64-fedora-gcc, r-devel-windows-x86_64, r-patched-linux-x86_64, r-release-linux-x86_64, r-release-macos-arm64, r-release-macos-x86_64, r-release-windows-x86_64, r-oldrel-macos-arm64, r-oldrel-macos-x86_64, r-oldrel-windows-x86_64