Last updated on 2025-05-14 23:50:52 CEST.
Flavor | Version | Tinstall | Tcheck | Ttotal | Status | Flags |
---|---|---|---|---|---|---|
r-devel-linux-x86_64-debian-clang | 0.0.5 | 5.01 | 51.03 | 56.04 | NOTE | |
r-devel-linux-x86_64-debian-gcc | 0.0.5 | 3.58 | 37.73 | 41.31 | NOTE | |
r-devel-linux-x86_64-fedora-clang | 0.0.5 | 84.53 | OK | |||
r-devel-linux-x86_64-fedora-gcc | 0.0.5 | 80.58 | OK | |||
r-devel-windows-x86_64 | 0.0.5 | 8.00 | 70.00 | 78.00 | OK | |
r-patched-linux-x86_64 | 0.0.5 | 4.84 | 46.34 | 51.18 | OK | |
r-release-linux-x86_64 | 0.0.5 | 4.46 | 46.67 | 51.13 | OK | |
r-release-macos-arm64 | 0.0.5 | 32.00 | OK | |||
r-release-macos-x86_64 | 0.0.5 | 49.00 | OK | |||
r-release-windows-x86_64 | 0.0.5 | 8.00 | 70.00 | 78.00 | OK | |
r-oldrel-macos-arm64 | 0.0.5 | 28.00 | OK | |||
r-oldrel-macos-x86_64 | 0.0.5 | 41.00 | OK | |||
r-oldrel-windows-x86_64 | 0.0.5 | 8.00 | 83.00 | 91.00 | OK |
Version: 0.0.5
Check: CRAN incoming feasibility
Result: NOTE
Maintainer: ‘Christopher T. Kenny <christopherkenny@fas.harvard.edu>’
Package CITATION file contains call(s) to old-style personList() or
as.personList(). Please use c() on person objects instead.
Package CITATION file contains call(s) to old-style citEntry(). Please
use bibentry() instead.
Flavors: r-devel-linux-x86_64-debian-clang, r-devel-linux-x86_64-debian-gcc