Last updated on 2025-05-14 23:50:52 CEST.
Flavor | Version | Tinstall | Tcheck | Ttotal | Status | Flags |
---|---|---|---|---|---|---|
r-devel-linux-x86_64-debian-clang | 0.6.5 | 4.39 | 37.54 | 41.93 | OK | |
r-devel-linux-x86_64-debian-gcc | 0.6.5 | 2.78 | 27.60 | 30.38 | OK | |
r-devel-linux-x86_64-fedora-clang | 0.6.5 | 65.66 | OK | |||
r-devel-linux-x86_64-fedora-gcc | 0.6.5 | 61.13 | OK | |||
r-devel-windows-x86_64 | 0.6.5 | 7.00 | 57.00 | 64.00 | OK | |
r-patched-linux-x86_64 | 0.6.5 | 4.15 | 35.28 | 39.43 | OK | |
r-release-linux-x86_64 | 0.6.5 | 3.77 | 35.48 | 39.25 | OK | |
r-release-macos-arm64 | 0.6.5 | 27.00 | OK | |||
r-release-macos-x86_64 | 0.6.5 | 38.00 | OK | |||
r-release-windows-x86_64 | 0.6.5 | 6.00 | 58.00 | 64.00 | OK | |
r-oldrel-macos-arm64 | 0.6.5 | 25.00 | NOTE | |||
r-oldrel-macos-x86_64 | 0.6.5 | 33.00 | NOTE | |||
r-oldrel-windows-x86_64 | 0.6.5 | 8.00 | 65.00 | 73.00 | NOTE |
Version: 0.6.5
Check: LazyData
Result: NOTE
'LazyData' is specified without a 'data' directory
Flavors: r-oldrel-macos-arm64, r-oldrel-macos-x86_64, r-oldrel-windows-x86_64