Last updated on 2025-05-14 23:50:52 CEST.
Flavor | Version | Tinstall | Tcheck | Ttotal | Status | Flags |
---|---|---|---|---|---|---|
r-devel-linux-x86_64-debian-clang | 2.13 | 2.32 | 103.56 | 105.88 | NOTE | |
r-devel-linux-x86_64-debian-gcc | 2.13 | 1.94 | 81.20 | 83.14 | NOTE | |
r-devel-linux-x86_64-fedora-clang | 2.13 | 117.00 | OK | |||
r-devel-linux-x86_64-fedora-gcc | 2.13 | 126.95 | OK | |||
r-devel-windows-x86_64 | 2.13 | 5.00 | 156.00 | 161.00 | OK | |
r-patched-linux-x86_64 | 2.13 | 2.31 | 97.98 | 100.29 | OK | |
r-release-linux-x86_64 | 2.13 | 2.00 | 91.09 | 93.09 | OK | |
r-release-macos-arm64 | 2.13 | 66.00 | OK | |||
r-release-macos-x86_64 | 2.13 | 158.00 | OK | |||
r-release-windows-x86_64 | 2.13 | 4.00 | 158.00 | 162.00 | OK | |
r-oldrel-macos-arm64 | 2.13 | 64.00 | OK | |||
r-oldrel-macos-x86_64 | 2.13 | 116.00 | OK | |||
r-oldrel-windows-x86_64 | 2.13 | 3.00 | 194.00 | 197.00 | OK |
Version: 2.13
Check: CRAN incoming feasibility
Result: NOTE
Maintainer: ‘Damiano Fantini <damiano.fantini@gmail.com>’
No Authors@R field in DESCRIPTION.
Please add one, modifying
Authors@R: person(given = "Damiano",
family = "Fantini",
role = c("aut", "cre"),
email = "damiano.fantini@gmail.com")
as necessary.
Flavors: r-devel-linux-x86_64-debian-clang, r-devel-linux-x86_64-debian-gcc