CRAN Package Check Results for Package ecoCopula

Last updated on 2025-05-14 23:50:52 CEST.

Flavor Version Tinstall Tcheck Ttotal Status Flags
r-devel-linux-x86_64-debian-clang 1.0.2 10.44 267.58 278.02 NOTE
r-devel-linux-x86_64-debian-gcc 1.0.2 7.39 175.61 183.00 NOTE
r-devel-linux-x86_64-fedora-clang 1.0.2 447.76 OK
r-devel-linux-x86_64-fedora-gcc 1.0.2 478.16 OK
r-devel-windows-x86_64 1.0.2 11.00 236.00 247.00 NOTE
r-patched-linux-x86_64 1.0.2 7.97 261.82 269.79 NOTE
r-release-linux-x86_64 1.0.2 10.32 257.70 268.02 NOTE
r-release-macos-arm64 1.0.2 163.00 OK
r-release-macos-x86_64 1.0.2 247.00 OK
r-release-windows-x86_64 1.0.2 13.00 237.00 250.00 NOTE
r-oldrel-macos-arm64 1.0.2 111.00 OK
r-oldrel-macos-x86_64 1.0.2 186.00 OK
r-oldrel-windows-x86_64 1.0.2 16.00 333.00 349.00 OK

Check Details

Version: 1.0.2
Check: CRAN incoming feasibility
Result: NOTE Maintainer: ‘Gordana Popovic <g.popovic@unsw.edu.au>’ Package CITATION file contains call(s) to old-style personList() or as.personList(). Please use c() on person objects instead. Package CITATION file contains call(s) to old-style citEntry(). Please use bibentry() instead. Flavors: r-devel-linux-x86_64-debian-clang, r-devel-linux-x86_64-debian-gcc

Version: 1.0.2
Check: Rd cross-references
Result: NOTE Found the following Rd file(s) with Rd \link{} targets missing package anchors: cgr.Rd: glasso plot.cgr.Rd: gplot stackedsdm.Rd: mvabund Please provide package anchors for all Rd \link{} targets not in the package itself and the base packages. Flavors: r-devel-linux-x86_64-debian-clang, r-devel-linux-x86_64-debian-gcc, r-devel-windows-x86_64, r-patched-linux-x86_64, r-release-linux-x86_64, r-release-windows-x86_64