Last updated on 2025-09-26 23:53:40 CEST.
| Flavor | Version | Tinstall | Tcheck | Ttotal | Status | Flags | 
|---|---|---|---|---|---|---|
| r-devel-linux-x86_64-debian-clang | 1.0.1 | 8.25 | 80.80 | 89.05 | NOTE | |
| r-devel-linux-x86_64-debian-gcc | 1.0.1 | 5.54 | 58.38 | 63.92 | NOTE | |
| r-devel-linux-x86_64-fedora-clang | 1.0.1 | 135.43 | OK | |||
| r-devel-linux-x86_64-fedora-gcc | 1.0.1 | 143.09 | OK | |||
| r-devel-windows-x86_64 | 1.0.1 | 11.00 | 89.00 | 100.00 | OK | |
| r-patched-linux-x86_64 | 1.0.1 | 7.21 | 75.77 | 82.98 | OK | |
| r-release-linux-x86_64 | 1.0.1 | 7.34 | 74.70 | 82.04 | OK | |
| r-release-macos-arm64 | 1.0.1 | 48.00 | OK | |||
| r-release-macos-x86_64 | 1.0.1 | 73.00 | OK | |||
| r-release-windows-x86_64 | 1.0.1 | 11.00 | 95.00 | 106.00 | OK | |
| r-oldrel-macos-arm64 | 1.0.1 | 35.00 | OK | |||
| r-oldrel-macos-x86_64 | 1.0.1 | 60.00 | OK | |||
| r-oldrel-windows-x86_64 | 1.0.1 | 14.00 | 109.00 | 123.00 | OK | 
Version: 1.0.1
Check: CRAN incoming feasibility
Result: NOTE
  Maintainer: ‘Anders D. Sleire <sleire@gmail.com>’
  
  No Authors@R field in DESCRIPTION.
  Please add one, modifying
    Authors@R: person(given = c("Anders", "D."),
                      family = "Sleire",
                      role = c("aut", "cre"),
                      email = "sleire@gmail.com")
  as necessary.
Flavors: r-devel-linux-x86_64-debian-clang, r-devel-linux-x86_64-debian-gcc