Last updated on 2025-09-26 23:53:41 CEST.
| Flavor | Version | Tinstall | Tcheck | Ttotal | Status | Flags | 
|---|---|---|---|---|---|---|
| r-devel-linux-x86_64-debian-clang | 1.5.0 | 67.58 | 367.46 | 435.04 | OK | |
| r-devel-linux-x86_64-debian-gcc | 1.5.0 | 42.19 | 234.22 | 276.41 | OK | |
| r-devel-linux-x86_64-fedora-clang | 1.5.0 | 671.09 | OK | |||
| r-devel-linux-x86_64-fedora-gcc | 1.5.0 | 646.15 | OK | |||
| r-devel-windows-x86_64 | 1.5.0 | 65.00 | 291.00 | 356.00 | OK | |
| r-patched-linux-x86_64 | 1.5.0 | 76.63 | 333.79 | 410.42 | OK | |
| r-release-linux-x86_64 | 1.5.0 | 62.74 | 334.84 | 397.58 | OK | |
| r-release-macos-arm64 | 1.5.0 | 155.00 | OK | |||
| r-release-macos-x86_64 | 1.5.0 | 341.00 | OK | |||
| r-release-windows-x86_64 | 1.5.0 | 62.00 | 300.00 | 362.00 | OK | |
| r-oldrel-macos-arm64 | 1.5.0 | 147.00 | NOTE | |||
| r-oldrel-macos-x86_64 | 1.5.0 | 292.00 | NOTE | |||
| r-oldrel-windows-x86_64 | 1.5.0 | 91.00 | 381.00 | 472.00 | NOTE | 
Version: 1.5.0
Check: installed package size
Result: NOTE
    installed size is  6.3Mb
    sub-directories of 1Mb or more:
      R      4.0Mb
      help   1.2Mb
Flavors: r-oldrel-macos-arm64, r-oldrel-macos-x86_64, r-oldrel-windows-x86_64