Last updated on 2025-05-14 23:50:54 CEST.
Flavor | Version | Tinstall | Tcheck | Ttotal | Status | Flags |
---|---|---|---|---|---|---|
r-devel-linux-x86_64-debian-clang | 3.0 | 6.22 | 54.78 | 61.00 | NOTE | |
r-devel-linux-x86_64-debian-gcc | 3.0 | 4.35 | 41.36 | 45.71 | NOTE | |
r-devel-linux-x86_64-fedora-clang | 3.0 | 93.45 | OK | |||
r-devel-linux-x86_64-fedora-gcc | 3.0 | 90.48 | OK | |||
r-devel-windows-x86_64 | 3.0 | 7.00 | 68.00 | 75.00 | OK | |
r-patched-linux-x86_64 | 3.0 | 4.96 | 52.97 | 57.93 | OK | |
r-release-linux-x86_64 | 3.0 | 5.94 | 52.70 | 58.64 | OK | |
r-release-macos-arm64 | 3.0 | 34.00 | OK | |||
r-release-macos-x86_64 | 3.0 | 60.00 | OK | |||
r-release-windows-x86_64 | 3.0 | 8.00 | 69.00 | 77.00 | OK | |
r-oldrel-macos-arm64 | 3.0 | 32.00 | OK | |||
r-oldrel-macos-x86_64 | 3.0 | 50.00 | OK | |||
r-oldrel-windows-x86_64 | 3.0 | 9.00 | 81.00 | 90.00 | OK |
Version: 3.0
Check: CRAN incoming feasibility
Result: NOTE
Maintainer: ‘John R. Dixon <gbm2sas@gmail.com>’
No Authors@R field in DESCRIPTION.
Please add one, modifying
Authors@R: person(given = c("John", "R."),
family = "Dixon",
role = c("aut", "cre"),
email = "gbm2sas@gmail.com")
as necessary.
Flavors: r-devel-linux-x86_64-debian-clang, r-devel-linux-x86_64-debian-gcc