Last updated on 2025-05-14 23:50:55 CEST.
Flavor | Version | Tinstall | Tcheck | Ttotal | Status | Flags |
---|---|---|---|---|---|---|
r-devel-linux-x86_64-debian-clang | 0.2.0 | 24.09 | 214.51 | 238.60 | NOTE | |
r-devel-linux-x86_64-debian-gcc | 0.2.0 | 17.09 | 145.65 | 162.74 | NOTE | |
r-devel-linux-x86_64-fedora-clang | 0.2.0 | 379.15 | OK | |||
r-devel-linux-x86_64-fedora-gcc | 0.2.0 | 403.29 | OK | |||
r-devel-windows-x86_64 | 0.2.0 | 26.00 | 201.00 | 227.00 | OK | |
r-patched-linux-x86_64 | 0.2.0 | 22.33 | 200.41 | 222.74 | OK | |
r-release-linux-x86_64 | 0.2.0 | 23.67 | 203.29 | 226.96 | OK | |
r-release-macos-arm64 | 0.2.0 | 106.00 | OK | |||
r-release-macos-x86_64 | 0.2.0 | 196.00 | OK | |||
r-release-windows-x86_64 | 0.2.0 | 28.00 | 199.00 | 227.00 | OK | |
r-oldrel-macos-arm64 | 0.2.0 | 100.00 | OK | |||
r-oldrel-macos-x86_64 | 0.2.0 | 148.00 | OK | |||
r-oldrel-windows-x86_64 | 0.2.0 | 34.00 | 264.00 | 298.00 | OK |
Version: 0.2.0
Check: CRAN incoming feasibility
Result: NOTE
Maintainer: ‘Bo-Syue Jiang <lukajiang1998@gmail.com>’
No Authors@R field in DESCRIPTION.
Please add one, modifying
Authors@R: person(given = "Bo-Syue",
family = "Jiang",
role = c("aut", "cre"),
email = "lukajiang1998@gmail.com")
as necessary.
Flavors: r-devel-linux-x86_64-debian-clang, r-devel-linux-x86_64-debian-gcc