Last updated on 2025-09-26 23:53:44 CEST.
| Flavor | Version | Tinstall | Tcheck | Ttotal | Status | Flags |
|---|---|---|---|---|---|---|
| r-devel-linux-x86_64-debian-clang | 0.6.2 | 269.31 | 243.12 | 512.43 | OK | |
| r-devel-linux-x86_64-debian-gcc | 0.6.2 | 178.73 | 145.40 | 324.13 | OK | |
| r-devel-linux-x86_64-fedora-clang | 0.6.2 | 832.12 | OK | |||
| r-devel-linux-x86_64-fedora-gcc | 0.6.2 | 809.95 | OK | |||
| r-devel-windows-x86_64 | 0.6.2 | 304.00 | 280.00 | 584.00 | OK | |
| r-patched-linux-x86_64 | 0.6.2 | 285.31 | 199.63 | 484.94 | OK | |
| r-release-linux-x86_64 | 0.6.2 | 285.93 | 201.30 | 487.23 | OK | |
| r-release-macos-arm64 | 0.6.2 | 258.00 | OK | |||
| r-release-macos-x86_64 | 0.6.2 | 313.00 | OK | |||
| r-release-windows-x86_64 | 0.6.2 | 299.00 | 279.00 | 578.00 | OK | |
| r-oldrel-macos-arm64 | 0.6.2 | 183.00 | NOTE | |||
| r-oldrel-macos-x86_64 | 0.6.2 | 289.00 | NOTE | |||
| r-oldrel-windows-x86_64 | 0.6.2 | 353.00 | 336.00 | 689.00 | OK |
Version: 0.6.2
Check: installed package size
Result: NOTE
installed size is 19.1Mb
sub-directories of 1Mb or more:
libs 16.7Mb
Flavors: r-oldrel-macos-arm64, r-oldrel-macos-x86_64