Last updated on 2025-05-14 23:50:57 CEST.
Flavor | Version | Tinstall | Tcheck | Ttotal | Status | Flags |
---|---|---|---|---|---|---|
r-devel-linux-x86_64-debian-clang | 0.6.0 | 31.00 | 55.45 | 86.45 | OK | |
r-devel-linux-x86_64-debian-gcc | 0.6.0 | 24.12 | 44.54 | 68.66 | OK | |
r-devel-linux-x86_64-fedora-clang | 0.6.0 | 138.65 | OK | |||
r-devel-linux-x86_64-fedora-gcc | 0.6.0 | 175.89 | OK | |||
r-devel-windows-x86_64 | 0.6.0 | 34.00 | 98.00 | 132.00 | OK | |
r-patched-linux-x86_64 | 0.6.0 | 29.37 | 55.74 | 85.11 | OK | |
r-release-linux-x86_64 | 0.6.0 | 31.09 | 55.48 | 86.57 | OK | |
r-release-macos-arm64 | 0.6.0 | 67.00 | OK | |||
r-release-macos-x86_64 | 0.6.0 | 92.00 | OK | |||
r-release-windows-x86_64 | 0.6.0 | 35.00 | 100.00 | 135.00 | OK | |
r-oldrel-macos-arm64 | 0.6.0 | 56.00 | NOTE | |||
r-oldrel-macos-x86_64 | 0.6.0 | 96.00 | NOTE | |||
r-oldrel-windows-x86_64 | 0.6.0 | 41.00 | 113.00 | 154.00 | NOTE |
Version: 0.6.0
Check: installed package size
Result: NOTE
installed size is 18.3Mb
sub-directories of 1Mb or more:
doc 4.1Mb
libs 12.1Mb
Flavors: r-oldrel-macos-arm64, r-oldrel-macos-x86_64, r-oldrel-windows-x86_64