Last updated on 2025-09-26 23:53:45 CEST.
| Flavor | Version | Tinstall | Tcheck | Ttotal | Status | Flags | 
|---|---|---|---|---|---|---|
| r-devel-linux-x86_64-debian-clang | 1.2.0.1 | 4.73 | 19.95 | 24.68 | NOTE | |
| r-devel-linux-x86_64-debian-gcc | 1.2.0.1 | 3.46 | 16.81 | 20.27 | NOTE | |
| r-devel-linux-x86_64-fedora-clang | 1.2.0.1 | 40.37 | NOTE | |||
| r-devel-linux-x86_64-fedora-gcc | 1.2.0.1 | 35.74 | NOTE | |||
| r-devel-windows-x86_64 | 1.2.0.1 | 7.00 | 49.00 | 56.00 | OK | |
| r-patched-linux-x86_64 | 1.2.0.1 | 5.14 | 18.81 | 23.95 | OK | |
| r-release-linux-x86_64 | 1.2.0.1 | 4.66 | 18.71 | 23.37 | OK | |
| r-release-macos-arm64 | 1.2.0.1 | 20.00 | OK | |||
| r-release-macos-x86_64 | 1.2.0.1 | 31.00 | OK | |||
| r-release-windows-x86_64 | 1.2.0.1 | 9.00 | 54.00 | 63.00 | OK | |
| r-oldrel-macos-arm64 | 1.2.0.1 | 22.00 | OK | |||
| r-oldrel-macos-x86_64 | 1.2.0.1 | 25.00 | OK | |||
| r-oldrel-windows-x86_64 | 1.2.0.1 | 7.00 | 48.00 | 55.00 | OK | 
Version: 1.2.0.1
Check: CRAN incoming feasibility
Result: NOTE
  Maintainer: ‘Patrick E. Meyer <software@meyerp.com>’
  
  No Authors@R field in DESCRIPTION.
  Please add one, modifying
    Authors@R: person(given = c("Patrick", "E."),
                      family = "Meyer",
                      role = c("aut", "cre"),
                      email = "software@meyerp.com")
  as necessary.
Flavors: r-devel-linux-x86_64-debian-clang, r-devel-linux-x86_64-debian-gcc
Version: 1.2.0.1
Check: compiled code
Result: NOTE
  File ‘infotheo/libs/infotheo.so’:
    Found no calls to: ‘R_registerRoutines’, ‘R_useDynamicSymbols’
  
  It is good practice to register native routines and to disable symbol
  search.
  
  See ‘Writing portable packages’ in the ‘Writing R Extensions’ manual.
Flavors: r-devel-linux-x86_64-fedora-clang, r-devel-linux-x86_64-fedora-gcc