CRAN Package Check Results for Package ipc

Last updated on 2025-05-14 23:50:57 CEST.

Flavor Version Tinstall Tcheck Ttotal Status Flags
r-devel-linux-x86_64-debian-clang 0.1.4 7.32 28.57 35.89 NOTE
r-devel-linux-x86_64-debian-gcc 0.1.4 4.92 22.92 27.84 NOTE
r-devel-linux-x86_64-fedora-clang 0.1.4 61.01 OK
r-devel-linux-x86_64-fedora-gcc 0.1.4 72.07 OK
r-devel-windows-x86_64 0.1.4 10.00 54.00 64.00 OK
r-patched-linux-x86_64 0.1.4 8.89 27.89 36.78 OK
r-release-linux-x86_64 0.1.4 7.65 27.43 35.08 OK
r-release-macos-arm64 0.1.4 44.00 OK
r-release-macos-x86_64 0.1.4 60.00 OK
r-release-windows-x86_64 0.1.4 10.00 55.00 65.00 OK
r-oldrel-macos-arm64 0.1.4 28.00 OK
r-oldrel-macos-x86_64 0.1.4 45.00 OK
r-oldrel-windows-x86_64 0.1.4 13.00 61.00 74.00 OK

Check Details

Version: 0.1.4
Check: CRAN incoming feasibility
Result: NOTE Maintainer: ‘Ian E. Fellows <ian@fellstat.com>’ No Authors@R field in DESCRIPTION. Please add one, modifying Authors@R: person(given = c("Ian", "E."), family = "Fellows", role = c("aut", "cre"), email = "ian@fellstat.com") as necessary. Flavors: r-devel-linux-x86_64-debian-clang, r-devel-linux-x86_64-debian-gcc