CRAN Package Check Results for Package isdals

Last updated on 2025-05-14 23:50:57 CEST.

Flavor Version Tinstall Tcheck Ttotal Status Flags
r-devel-linux-x86_64-debian-clang 3.0.1 2.21 44.98 47.19 NOTE
r-devel-linux-x86_64-debian-gcc 3.0.1 1.70 35.84 37.54 NOTE
r-devel-linux-x86_64-fedora-clang 3.0.1 72.13 OK
r-devel-linux-x86_64-fedora-gcc 3.0.1 72.18 OK
r-devel-windows-x86_64 3.0.1 5.00 87.00 92.00 OK
r-patched-linux-x86_64 3.0.1 2.83 43.42 46.25 OK
r-release-linux-x86_64 3.0.1 2.17 43.21 45.38 OK
r-release-macos-arm64 3.0.1 31.00 OK
r-release-macos-x86_64 3.0.1 47.00 OK
r-release-windows-x86_64 3.0.1 5.00 89.00 94.00 OK
r-oldrel-macos-arm64 3.0.1 30.00 OK
r-oldrel-macos-x86_64 3.0.1 42.00 OK
r-oldrel-windows-x86_64 3.0.1 5.00 96.00 101.00 OK

Check Details

Version: 3.0.1
Check: CRAN incoming feasibility
Result: NOTE Maintainer: ‘Claus Ekstrom <ekstrom@sund.ku.dk>’ No Authors@R field in DESCRIPTION. Please add one, modifying Authors@R: c(person(given = c("Claus", "Thorn"), family = "Ekstrøm", role = "aut", email = "ekstrom@sund.ku.dk"), person(given = "Helle", family = "Sørensen", role = "aut", email = "helle@math.ku.dk"), person(given = "Claus", family = "Ekstrom", role = "cre", email = "ekstrom@sund.ku.dk")) as necessary. Flavors: r-devel-linux-x86_64-debian-clang, r-devel-linux-x86_64-debian-gcc