Last updated on 2025-09-26 23:53:46 CEST.
| Flavor | Version | Tinstall | Tcheck | Ttotal | Status | Flags | 
|---|---|---|---|---|---|---|
| r-devel-linux-x86_64-debian-clang | 1.0.1 | 2.98 | 28.71 | 31.69 | NOTE | |
| r-devel-linux-x86_64-debian-gcc | 1.0.1 | 2.03 | 22.01 | 24.04 | NOTE | |
| r-devel-linux-x86_64-fedora-clang | 1.0.1 | 45.98 | OK | |||
| r-devel-linux-x86_64-fedora-gcc | 1.0.1 | 46.66 | OK | |||
| r-devel-windows-x86_64 | 1.0.1 | 3.00 | 48.00 | 51.00 | OK | |
| r-patched-linux-x86_64 | 1.0.1 | 2.70 | 26.86 | 29.56 | OK | |
| r-release-linux-x86_64 | 1.0.1 | 2.82 | 27.08 | 29.90 | OK | |
| r-release-macos-arm64 | 1.0.1 | 18.00 | OK | |||
| r-release-macos-x86_64 | 1.0.1 | 31.00 | OK | |||
| r-release-windows-x86_64 | 1.0.1 | 4.00 | 50.00 | 54.00 | OK | |
| r-oldrel-macos-arm64 | 1.0.1 | 18.00 | OK | |||
| r-oldrel-macos-x86_64 | 1.0.1 | 25.00 | OK | |||
| r-oldrel-windows-x86_64 | 1.0.1 | 4.00 | 53.00 | 57.00 | OK | 
Version: 1.0.1
Check: CRAN incoming feasibility
Result: NOTE
  Maintainer: ‘David Conde <dconde@eio.uva.es>’
  
  Package CITATION file contains call(s) to old-style personList() or
  as.personList().  Please use c() on person objects instead.
  Package CITATION file contains call(s) to old-style citEntry().  Please
  use bibentry() instead.
Flavors: r-devel-linux-x86_64-debian-clang, r-devel-linux-x86_64-debian-gcc