Last updated on 2025-09-26 23:53:46 CEST.
| Flavor | Version | Tinstall | Tcheck | Ttotal | Status | Flags | 
|---|---|---|---|---|---|---|
| r-devel-linux-x86_64-debian-clang | 3.0.12 | 28.72 | 44.51 | 73.23 | NOTE | |
| r-devel-linux-x86_64-debian-gcc | 3.0.12 | 19.07 | 34.13 | 53.20 | NOTE | |
| r-devel-linux-x86_64-fedora-clang | 3.0.12 | 128.83 | OK | |||
| r-devel-linux-x86_64-fedora-gcc | 3.0.12 | 114.11 | OK | |||
| r-devel-windows-x86_64 | 3.0.12 | 33.00 | 93.00 | 126.00 | OK | |
| r-patched-linux-x86_64 | 3.0.12 | 29.69 | 44.20 | 73.89 | NOTE | |
| r-release-linux-x86_64 | 3.0.12 | 28.30 | 43.36 | 71.66 | NOTE | |
| r-release-macos-arm64 | 3.0.12 | 34.00 | OK | |||
| r-release-macos-x86_64 | 3.0.12 | 52.00 | OK | |||
| r-release-windows-x86_64 | 3.0.12 | 34.00 | 82.00 | 116.00 | OK | |
| r-oldrel-macos-arm64 | 3.0.12 | 35.00 | OK | |||
| r-oldrel-macos-x86_64 | 3.0.12 | 50.00 | OK | |||
| r-oldrel-windows-x86_64 | 3.0.12 | 33.00 | 97.00 | 130.00 | OK | 
Version: 3.0.12
Check: CRAN incoming feasibility
Result: NOTE
  Maintainer: ‘Ron Wehrens <ron.wehrens@gmail.com>’
  
  No Authors@R field in DESCRIPTION.
  Please add one, modifying
    Authors@R: c(person(given = "Ron",
                        family = "Wehrens",
                        role = c("aut", "cre"),
                        email = "ron.wehrens@gmail.com"),
                 person(given = "Johannes",
                        family = "Kruisselbrink",
                        role = "aut"))
  as necessary.
Flavors: r-devel-linux-x86_64-debian-clang, r-devel-linux-x86_64-debian-gcc
Version: 3.0.12
Check: for unstated dependencies in ‘demo’
Result: NOTE
  'library' or 'require' calls not declared from:
    ‘RColorBrewer’ ‘lattice’
  'data(package=)' call not declared from: ‘vegan’
Flavors: r-devel-linux-x86_64-debian-clang, r-devel-linux-x86_64-debian-gcc, r-patched-linux-x86_64, r-release-linux-x86_64