Last updated on 2025-05-14 23:50:58 CEST.
Flavor | Version | Tinstall | Tcheck | Ttotal | Status | Flags |
---|---|---|---|---|---|---|
r-devel-linux-x86_64-debian-clang | 0.0.6 | 13.05 | 106.18 | 119.23 | NOTE | |
r-devel-linux-x86_64-debian-gcc | 0.0.6 | 9.21 | 73.68 | 82.89 | NOTE | |
r-devel-linux-x86_64-fedora-clang | 0.0.6 | 199.97 | OK | |||
r-devel-linux-x86_64-fedora-gcc | 0.0.6 | 191.52 | OK | |||
r-devel-windows-x86_64 | 0.0.6 | 16.00 | 116.00 | 132.00 | NOTE | |
r-patched-linux-x86_64 | 0.0.6 | 13.89 | 97.50 | 111.39 | NOTE | |
r-release-linux-x86_64 | 0.0.6 | 14.21 | 97.76 | 111.97 | NOTE | |
r-release-macos-arm64 | 0.0.6 | 51.00 | OK | |||
r-release-macos-x86_64 | 0.0.6 | 87.00 | OK | |||
r-release-windows-x86_64 | 0.0.6 | 16.00 | 116.00 | 132.00 | NOTE | |
r-oldrel-macos-arm64 | 0.0.6 | 44.00 | OK | |||
r-oldrel-macos-x86_64 | 0.0.6 | 72.00 | OK | |||
r-oldrel-windows-x86_64 | 0.0.6 | 21.00 | 138.00 | 159.00 | OK |
Version: 0.0.6
Check: Rd cross-references
Result: NOTE
Found the following Rd file(s) with Rd \link{} targets missing package
anchors:
ESEM.Rd: lavaan
add_population_error.Rd: bifactor
Please provide package anchors for all Rd \link{} targets not in the
package itself and the base packages.
Flavors: r-devel-linux-x86_64-debian-clang, r-devel-linux-x86_64-debian-gcc, r-devel-windows-x86_64, r-patched-linux-x86_64, r-release-linux-x86_64, r-release-windows-x86_64