Last updated on 2025-05-14 23:50:59 CEST.
Flavor | Version | Tinstall | Tcheck | Ttotal | Status | Flags |
---|---|---|---|---|---|---|
r-devel-linux-x86_64-debian-clang | 0.7-26 | 3.91 | 36.09 | 40.00 | OK | |
r-devel-linux-x86_64-debian-gcc | 0.7-26 | 3.02 | 28.97 | 31.99 | OK | |
r-devel-linux-x86_64-fedora-clang | 0.7-26 | 62.62 | OK | |||
r-devel-linux-x86_64-fedora-gcc | 0.7-26 | 74.69 | OK | |||
r-devel-windows-x86_64 | 0.7-26 | 9.00 | 80.00 | 89.00 | OK | |
r-patched-linux-x86_64 | 0.7-26 | 3.71 | 34.45 | 38.16 | OK | |
r-release-linux-x86_64 | 0.7-26 | 3.35 | 34.89 | 38.24 | OK | |
r-release-macos-arm64 | 0.7-26 | 32.00 | OK | |||
r-release-macos-x86_64 | 0.7-26 | 59.00 | OK | |||
r-release-windows-x86_64 | 0.7-26 | 9.00 | 0.00 | 9.00 | FAIL | |
r-oldrel-macos-arm64 | 0.7-26 | 37.00 | OK | |||
r-oldrel-macos-x86_64 | 0.7-26 | 60.00 | OK | |||
r-oldrel-windows-x86_64 | 0.7-26 | 12.00 | 81.00 | 93.00 | OK |
Version: 0.7-26
Check: PDF version of manual
Result: FAIL
Check process probably crashed or hung up for 20 minutes ... killed
Most likely this happened in the example checks (?),
if not, ignore the following last lines of example output:
+ maxprop = 0.8)
> print(mod)
Maximally selected Data statistics using HL
data: counts by coverstorey
M = 4.3139, p-value = 0.0001141
sample estimates:
estimated cutpoint
40
> plot(mod)
>
>
>
> ### * <FOOTER>
> ###
> cleanEx()
> options(digits = 7L)
> base::cat("Time elapsed: ", proc.time() - base::get("ptime", pos = 'CheckExEnv'),"\n")
Time elapsed: 5.51 0.25 5.79 NA NA
> grDevices::dev.off()
null device
1
> ###
> ### Local variables: ***
> ### mode: outline-minor ***
> ### outline-regexp: "\\(> \\)?### [*]+" ***
> ### End: ***
> quit('no')
======== End of example output (where/before crash/hang up occured ?) ========
Flavor: r-release-windows-x86_64