Last updated on 2025-05-14 23:51:00 CEST.
Flavor | Version | Tinstall | Tcheck | Ttotal | Status | Flags |
---|---|---|---|---|---|---|
r-devel-linux-x86_64-debian-clang | 0.2.1 | 26.06 | 156.86 | 182.92 | NOTE | |
r-devel-linux-x86_64-debian-gcc | 0.2.1 | 18.88 | 107.72 | 126.60 | NOTE | |
r-devel-linux-x86_64-fedora-clang | 0.2.1 | 296.92 | NOTE | |||
r-devel-linux-x86_64-fedora-gcc | 0.2.1 | 334.22 | NOTE | |||
r-devel-windows-x86_64 | 0.2.1 | 33.00 | 202.00 | 235.00 | NOTE | |
r-patched-linux-x86_64 | 0.2.1 | 27.85 | 155.48 | 183.33 | NOTE | |
r-release-linux-x86_64 | 0.2.1 | 27.66 | 154.50 | 182.16 | NOTE | |
r-release-macos-arm64 | 0.2.1 | 98.00 | NOTE | |||
r-release-macos-x86_64 | 0.2.1 | 176.00 | NOTE | |||
r-release-windows-x86_64 | 0.2.1 | 33.00 | 208.00 | 241.00 | NOTE | |
r-oldrel-macos-arm64 | 0.2.1 | 88.00 | NOTE | |||
r-oldrel-macos-x86_64 | 0.2.1 | 130.00 | NOTE | |||
r-oldrel-windows-x86_64 | 0.2.1 | 39.00 | 269.00 | 308.00 | NOTE |
Version: 0.2.1
Check: CRAN incoming feasibility
Result: NOTE
Maintainer: ‘Onno Kleen <r@onnokleen.de>’
Package CITATION file contains call(s) to old-style personList() or
as.personList(). Please use c() on person objects instead.
Package CITATION file contains call(s) to old-style citEntry(). Please
use bibentry() instead.
Flavors: r-devel-linux-x86_64-debian-clang, r-devel-linux-x86_64-debian-gcc
Version: 0.2.1
Check: package subdirectories
Result: NOTE
Problems with news in ‘NEWS.md’:
No news entries found.
Flavors: r-devel-linux-x86_64-debian-clang, r-devel-linux-x86_64-debian-gcc, r-devel-linux-x86_64-fedora-clang, r-devel-linux-x86_64-fedora-gcc, r-devel-windows-x86_64, r-patched-linux-x86_64, r-release-linux-x86_64, r-release-macos-arm64, r-release-macos-x86_64, r-release-windows-x86_64, r-oldrel-macos-arm64, r-oldrel-macos-x86_64, r-oldrel-windows-x86_64