Last updated on 2025-05-14 23:51:00 CEST.
Flavor | Version | Tinstall | Tcheck | Ttotal | Status | Flags |
---|---|---|---|---|---|---|
r-devel-linux-x86_64-debian-clang | 0.7 | 98.76 | 81.01 | 179.77 | OK | |
r-devel-linux-x86_64-debian-gcc | 0.7 | 75.59 | 61.78 | 137.37 | OK | |
r-devel-linux-x86_64-fedora-clang | 0.7 | 331.43 | OK | |||
r-devel-linux-x86_64-fedora-gcc | 0.7 | 383.44 | OK | |||
r-devel-windows-x86_64 | 0.7 | 116.00 | 115.00 | 231.00 | OK | |
r-patched-linux-x86_64 | 0.7 | 103.37 | 84.23 | 187.60 | OK | |
r-release-linux-x86_64 | 0.7 | 102.81 | 83.32 | 186.13 | OK | |
r-release-macos-arm64 | 0.7 | 107.00 | OK | |||
r-release-macos-x86_64 | 0.7 | 163.00 | OK | |||
r-release-windows-x86_64 | 0.7 | 118.00 | 121.00 | 239.00 | OK | |
r-oldrel-macos-arm64 | 0.7 | 120.00 | NOTE | |||
r-oldrel-macos-x86_64 | 0.7 | 198.00 | NOTE | |||
r-oldrel-windows-x86_64 | 0.7 | 133.00 | 141.00 | 274.00 | OK |
Version: 0.7
Check: installed package size
Result: NOTE
installed size is 14.9Mb
sub-directories of 1Mb or more:
libs 14.2Mb
Flavors: r-oldrel-macos-arm64, r-oldrel-macos-x86_64