Last updated on 2025-05-14 23:51:01 CEST.
Flavor | Version | Tinstall | Tcheck | Ttotal | Status | Flags |
---|---|---|---|---|---|---|
r-devel-linux-x86_64-debian-clang | 0.3-4 | 15.98 | 31.00 | 46.98 | NOTE | |
r-devel-linux-x86_64-debian-gcc | 0.3-4 | 12.02 | 24.72 | 36.74 | NOTE | |
r-devel-linux-x86_64-fedora-clang | 0.3-4 | 83.37 | OK | |||
r-devel-linux-x86_64-fedora-gcc | 0.3-4 | 78.56 | OK | |||
r-devel-windows-x86_64 | 0.3-4 | 23.00 | 77.00 | 100.00 | OK | |
r-patched-linux-x86_64 | 0.3-4 | 13.93 | 29.14 | 43.07 | OK | |
r-release-linux-x86_64 | 0.3-4 | 15.84 | 29.08 | 44.92 | OK | |
r-release-macos-arm64 | 0.3-4 | 26.00 | OK | |||
r-release-macos-x86_64 | 0.3-4 | 44.00 | OK | |||
r-release-windows-x86_64 | 0.3-4 | 23.00 | 71.00 | 94.00 | OK | |
r-oldrel-macos-arm64 | 0.3-4 | 24.00 | OK | |||
r-oldrel-macos-x86_64 | 0.3-4 | 38.00 | OK | |||
r-oldrel-windows-x86_64 | 0.3-4 | 26.00 | 82.00 | 108.00 | OK |
Version: 0.3-4
Check: CRAN incoming feasibility
Result: NOTE
Maintainer: ‘Alexander Robitzsch <robitzsch@ipn.uni-kiel.de>’
No Authors@R field in DESCRIPTION.
Please add one, modifying
Authors@R: person(given = "Alexander",
family = "Robitzsch",
role = c("aut", "cre"),
email = "robitzsch@ipn.uni-kiel.de",
comment = c(ORCID = "0000-0002-8226-3132"))
as necessary.
Flavors: r-devel-linux-x86_64-debian-clang, r-devel-linux-x86_64-debian-gcc