Last updated on 2025-05-14 23:51:02 CEST.
Flavor | Version | Tinstall | Tcheck | Ttotal | Status | Flags |
---|---|---|---|---|---|---|
r-devel-linux-x86_64-debian-clang | 1.4.2 | 38.80 | 154.58 | 193.38 | OK | |
r-devel-linux-x86_64-debian-gcc | 1.4.2 | 24.72 | 108.65 | 133.37 | OK | |
r-devel-linux-x86_64-fedora-clang | 1.4.2 | 314.51 | NOTE | |||
r-devel-linux-x86_64-fedora-gcc | 1.4.2 | 314.64 | NOTE | |||
r-devel-windows-x86_64 | 1.4.2 | 50.00 | 179.00 | 229.00 | OK | |
r-patched-linux-x86_64 | 1.4.2 | 35.15 | 144.50 | 179.65 | OK | |
r-release-linux-x86_64 | 1.4.2 | 36.70 | 145.31 | 182.01 | OK | |
r-release-macos-arm64 | 1.4.2 | 84.00 | OK | |||
r-release-macos-x86_64 | 1.4.2 | 267.00 | OK | |||
r-release-windows-x86_64 | 1.4.2 | 49.00 | 182.00 | 231.00 | OK | |
r-oldrel-macos-arm64 | 1.4.2 | 73.00 | NOTE | |||
r-oldrel-macos-x86_64 | 1.4.2 | 247.00 | NOTE | |||
r-oldrel-windows-x86_64 | 1.4.2 | 61.00 | 223.00 | 284.00 | NOTE |
Version: 1.4.2
Check: dependencies in R code
Result: NOTE
Namespaces in Imports field not imported from:
‘R.utils’ ‘optparse’ ‘vcfR’
All declared Imports should be used.
Flavors: r-devel-linux-x86_64-fedora-clang, r-devel-linux-x86_64-fedora-gcc
Version: 1.4.2
Check: installed package size
Result: NOTE
installed size is 5.5Mb
sub-directories of 1Mb or more:
data 4.2Mb
Flavors: r-oldrel-macos-arm64, r-oldrel-macos-x86_64, r-oldrel-windows-x86_64
Version: 1.4.2
Check: for GNU extensions in Makefiles
Result: NOTE
GNU make is a SystemRequirements.
Flavors: r-oldrel-macos-arm64, r-oldrel-macos-x86_64, r-oldrel-windows-x86_64