Last updated on 2025-05-14 23:51:03 CEST.
Flavor | Version | Tinstall | Tcheck | Ttotal | Status | Flags |
---|---|---|---|---|---|---|
r-devel-linux-x86_64-debian-clang | 1.6.0 | 4.71 | 52.22 | 56.93 | NOTE | |
r-devel-linux-x86_64-debian-gcc | 1.6.0 | 3.12 | 37.56 | 40.68 | NOTE | |
r-devel-linux-x86_64-fedora-clang | 1.6.0 | 84.00 | OK | |||
r-devel-linux-x86_64-fedora-gcc | 1.6.0 | 79.09 | OK | |||
r-devel-windows-x86_64 | 1.6.0 | 8.00 | 68.00 | 76.00 | OK | |
r-patched-linux-x86_64 | 1.6.0 | 5.15 | 46.70 | 51.85 | OK | |
r-release-linux-x86_64 | 1.6.0 | 4.23 | 47.84 | 52.07 | OK | |
r-release-macos-arm64 | 1.6.0 | 34.00 | OK | |||
r-release-macos-x86_64 | 1.6.0 | 48.00 | OK | |||
r-release-windows-x86_64 | 1.6.0 | 10.00 | 70.00 | 80.00 | OK | |
r-oldrel-macos-arm64 | 1.6.0 | 28.00 | OK | |||
r-oldrel-macos-x86_64 | 1.6.0 | 47.00 | OK | |||
r-oldrel-windows-x86_64 | 1.6.0 | 7.00 | 84.00 | 91.00 | OK |
Version: 1.6.0
Check: CRAN incoming feasibility
Result: NOTE
Maintainer: ‘Emil Hvitfeldt <emilhhvitfeldt@gmail.com>’
No Authors@R field in DESCRIPTION.
Please add one, modifying
Authors@R: c(person(given = c("See", "AUTHORS"),
family = "file.",
role = "aut"),
person(given = "Emil",
family = "Hvitfeldt",
role = "cre",
email = "emilhhvitfeldt@gmail.com"))
as necessary.
Flavors: r-devel-linux-x86_64-debian-clang, r-devel-linux-x86_64-debian-gcc