Last updated on 2025-05-14 23:51:04 CEST.
Flavor | Version | Tinstall | Tcheck | Ttotal | Status | Flags |
---|---|---|---|---|---|---|
r-devel-linux-x86_64-debian-clang | 0.8.9 | 23.44 | 261.16 | 284.60 | NOTE | |
r-devel-linux-x86_64-debian-gcc | 0.8.9 | 15.01 | 167.26 | 182.27 | NOTE | |
r-devel-linux-x86_64-fedora-clang | 0.8.9 | 433.53 | NOTE | |||
r-devel-linux-x86_64-fedora-gcc | 0.8.9 | 399.78 | NOTE | |||
r-devel-windows-x86_64 | 0.8.9 | 27.00 | 247.00 | 274.00 | NOTE | |
r-patched-linux-x86_64 | 0.8.9 | 25.42 | 228.13 | 253.55 | NOTE | |
r-release-linux-x86_64 | 0.8.9 | 21.83 | 227.75 | 249.58 | NOTE | |
r-release-macos-arm64 | 0.8.9 | 110.00 | NOTE | |||
r-release-macos-x86_64 | 0.8.9 | 214.00 | NOTE | |||
r-release-windows-x86_64 | 0.8.9 | 26.00 | 246.00 | 272.00 | NOTE | |
r-oldrel-macos-arm64 | 0.8.9 | 98.00 | NOTE | |||
r-oldrel-macos-x86_64 | 0.8.9 | 171.00 | NOTE | |||
r-oldrel-windows-x86_64 | 0.8.9 | 33.00 | 319.00 | 352.00 | OK |
Version: 0.8.9
Check: DESCRIPTION meta-information
Result: NOTE
Missing dependency on R >= 4.1.0 because package code uses the pipe
|> or function shorthand \(...) syntax added in R 4.1.0.
File(s) using such syntax:
‘hits.R’ ‘size.R’ ‘utils.R’
Flavors: r-devel-linux-x86_64-debian-clang, r-devel-linux-x86_64-debian-gcc, r-devel-linux-x86_64-fedora-clang, r-devel-linux-x86_64-fedora-gcc, r-devel-windows-x86_64, r-patched-linux-x86_64, r-release-linux-x86_64, r-release-macos-arm64, r-release-macos-x86_64, r-release-windows-x86_64
Version: 0.8.9
Check: installed package size
Result: NOTE
installed size is 5.2Mb
sub-directories of 1Mb or more:
R 2.1Mb
extdata 1.9Mb
Flavors: r-oldrel-macos-arm64, r-oldrel-macos-x86_64